{"id":8939,"date":"2021-12-27T10:55:09","date_gmt":"2021-12-27T13:55:09","guid":{"rendered":"https:\/\/www.museuhistoricosl.com.br\/loja\/produto\/ia004-fd-0010\/"},"modified":"2021-12-27T10:55:09","modified_gmt":"2021-12-27T13:55:09","slug":"ia004-fd-0010","status":"publish","type":"product","link":"https:\/\/www.museuhistoricosl.com.br\/loja\/produto\/ia004-fd-0010\/","title":{"rendered":"IA004-FD-0010"},"content":{"rendered":"<p>Bl\u00fchender Raps bei Kirchberg der \u00e4ltesten Stadt im Hunsr\u00fcck, Foto Goebel; Alemanha; <\/p>\n","protected":false},"excerpt":{"rendered":"<p>Bl\u00fchender Raps bei Kirchberg der \u00e4ltesten Stadt im Hunsr\u00fcck, Foto Goebel; Alemanha;<\/p>\n","protected":false},"featured_media":8938,"comment_status":"open","ping_status":"closed","template":"","meta":{"_acf_changed":false},"product_cat":[44],"product_tag":[],"class_list":["post-8939","product","type-product","status-publish","has-post-thumbnail","hentry","product_cat-alemanha"],"acf":[],"_links":{"self":[{"href":"https:\/\/www.museuhistoricosl.com.br\/loja\/wp-json\/wp\/v2\/product\/8939","targetHints":{"allow":["GET"]}}],"collection":[{"href":"https:\/\/www.museuhistoricosl.com.br\/loja\/wp-json\/wp\/v2\/product"}],"about":[{"href":"https:\/\/www.museuhistoricosl.com.br\/loja\/wp-json\/wp\/v2\/types\/product"}],"replies":[{"embeddable":true,"href":"https:\/\/www.museuhistoricosl.com.br\/loja\/wp-json\/wp\/v2\/comments?post=8939"}],"wp:featuredmedia":[{"embeddable":true,"href":"https:\/\/www.museuhistoricosl.com.br\/loja\/wp-json\/wp\/v2\/media\/8938"}],"wp:attachment":[{"href":"https:\/\/www.museuhistoricosl.com.br\/loja\/wp-json\/wp\/v2\/media?parent=8939"}],"wp:term":[{"taxonomy":"product_cat","embeddable":true,"href":"https:\/\/www.museuhistoricosl.com.br\/loja\/wp-json\/wp\/v2\/product_cat?post=8939"},{"taxonomy":"product_tag","embeddable":true,"href":"https:\/\/www.museuhistoricosl.com.br\/loja\/wp-json\/wp\/v2\/product_tag?post=8939"}],"curies":[{"name":"wp","href":"https:\/\/api.w.org\/{rel}","templated":true}]}}