{"id":8215,"date":"2021-12-16T16:21:33","date_gmt":"2021-12-16T19:21:33","guid":{"rendered":"https:\/\/www.museuhistoricosl.com.br\/novosite\/produto\/sl056-fd-0463\/"},"modified":"2021-12-16T16:21:33","modified_gmt":"2021-12-16T19:21:33","slug":"sl056-fd-0463","status":"publish","type":"product","link":"https:\/\/www.museuhistoricosl.com.br\/loja\/produto\/sl056-fd-0463\/","title":{"rendered":"SL056-FD-0463"},"content":{"rendered":"<p>Comunh\u00e3o Solene (1945) Igreja S\u00e3o Pedro, S\u00e3o Pedro do Marat\u00e1, Montenegro, Padre Rech, Prof. Em\u00edlio Rauber, Da esquerda para direita (meninos): 1- Urbano Schommer, 2- Maur\u00edcio Kerber, 3- Renato Leindecker, 4- Auri Michau, 5- Hugo Michau, 6- ? Berber, 7- Alcides Thom\u00e9, (Meninas): 1- Lacy Schneider (Reichert), 2- Sid\u00f4nia Arcigo, 3- In\u00eas Arcigo, 4- Nilve Leindecker, 5- Iris Lerner, 6- Loni Vier, 7- Nelci Fey, 8- Gerthrud Jahb, 9- Ivenia Haupenthal (Leindecker), 10- Lady Schneider; Igreja Cat\u00f3lica; <\/p>\n","protected":false},"excerpt":{"rendered":"<p>Comunh\u00e3o Solene (1945) Igreja S\u00e3o Pedro, S\u00e3o Pedro do Marat\u00e1, Montenegro, Padre Rech, Prof. Em\u00edlio Rauber, Da esquerda para direita<\/p>\n","protected":false},"featured_media":8214,"comment_status":"open","ping_status":"closed","template":"","meta":{"_acf_changed":false},"product_cat":[41],"product_tag":[],"class_list":["post-8215","product","type-product","status-publish","has-post-thumbnail","hentry","product_cat-igreja-catolica"],"acf":[],"_links":{"self":[{"href":"https:\/\/www.museuhistoricosl.com.br\/loja\/wp-json\/wp\/v2\/product\/8215","targetHints":{"allow":["GET"]}}],"collection":[{"href":"https:\/\/www.museuhistoricosl.com.br\/loja\/wp-json\/wp\/v2\/product"}],"about":[{"href":"https:\/\/www.museuhistoricosl.com.br\/loja\/wp-json\/wp\/v2\/types\/product"}],"replies":[{"embeddable":true,"href":"https:\/\/www.museuhistoricosl.com.br\/loja\/wp-json\/wp\/v2\/comments?post=8215"}],"wp:featuredmedia":[{"embeddable":true,"href":"https:\/\/www.museuhistoricosl.com.br\/loja\/wp-json\/wp\/v2\/media\/8214"}],"wp:attachment":[{"href":"https:\/\/www.museuhistoricosl.com.br\/loja\/wp-json\/wp\/v2\/media?parent=8215"}],"wp:term":[{"taxonomy":"product_cat","embeddable":true,"href":"https:\/\/www.museuhistoricosl.com.br\/loja\/wp-json\/wp\/v2\/product_cat?post=8215"},{"taxonomy":"product_tag","embeddable":true,"href":"https:\/\/www.museuhistoricosl.com.br\/loja\/wp-json\/wp\/v2\/product_tag?post=8215"}],"curies":[{"name":"wp","href":"https:\/\/api.w.org\/{rel}","templated":true}]}}