{"id":8171,"date":"2021-12-16T16:21:21","date_gmt":"2021-12-16T19:21:21","guid":{"rendered":"https:\/\/www.museuhistoricosl.com.br\/novosite\/produto\/sl056-fd-0441\/"},"modified":"2021-12-16T16:21:21","modified_gmt":"2021-12-16T19:21:21","slug":"sl056-fd-0441","status":"publish","type":"product","link":"https:\/\/www.museuhistoricosl.com.br\/loja\/produto\/sl056-fd-0441\/","title":{"rendered":"SL056-FD-0441"},"content":{"rendered":"<p>Dom Aloysio Sin\u00e9sio Bohn, Bispo de S\u00e3o Leopoldo, Proferindo uma Palestra, no encontro da Fraternidade Crist\u00e1 de Doentes e Beficientes F\u00edsicos; Igreja Cat\u00f3lica; <\/p>\n","protected":false},"excerpt":{"rendered":"<p>Dom Aloysio Sin\u00e9sio Bohn, Bispo de S\u00e3o Leopoldo, Proferindo uma Palestra, no encontro da Fraternidade Crist\u00e1 de Doentes e Beficientes<\/p>\n","protected":false},"featured_media":8170,"comment_status":"open","ping_status":"closed","template":"","meta":{"_acf_changed":false},"product_cat":[41],"product_tag":[],"class_list":["post-8171","product","type-product","status-publish","has-post-thumbnail","hentry","product_cat-igreja-catolica"],"acf":[],"_links":{"self":[{"href":"https:\/\/www.museuhistoricosl.com.br\/loja\/wp-json\/wp\/v2\/product\/8171","targetHints":{"allow":["GET"]}}],"collection":[{"href":"https:\/\/www.museuhistoricosl.com.br\/loja\/wp-json\/wp\/v2\/product"}],"about":[{"href":"https:\/\/www.museuhistoricosl.com.br\/loja\/wp-json\/wp\/v2\/types\/product"}],"replies":[{"embeddable":true,"href":"https:\/\/www.museuhistoricosl.com.br\/loja\/wp-json\/wp\/v2\/comments?post=8171"}],"wp:featuredmedia":[{"embeddable":true,"href":"https:\/\/www.museuhistoricosl.com.br\/loja\/wp-json\/wp\/v2\/media\/8170"}],"wp:attachment":[{"href":"https:\/\/www.museuhistoricosl.com.br\/loja\/wp-json\/wp\/v2\/media?parent=8171"}],"wp:term":[{"taxonomy":"product_cat","embeddable":true,"href":"https:\/\/www.museuhistoricosl.com.br\/loja\/wp-json\/wp\/v2\/product_cat?post=8171"},{"taxonomy":"product_tag","embeddable":true,"href":"https:\/\/www.museuhistoricosl.com.br\/loja\/wp-json\/wp\/v2\/product_tag?post=8171"}],"curies":[{"name":"wp","href":"https:\/\/api.w.org\/{rel}","templated":true}]}}

<p>Dom Aloysio Sinésio Bohn, Bispo de São Leopoldo, Proferindo uma Palestra, no encontro da Fraternidade Cristá de Doentes e Beficientes Físicos; Igreja Católica; </p>

<p>Dom Aloysio Sinésio Bohn, Bispo de São Leopoldo, Proferindo uma Palestra, no encontro da Fraternidade Cristá de Doentes e Beficientes</p>
