{"id":64037,"date":"2022-01-28T14:07:10","date_gmt":"2022-01-28T17:07:10","guid":{"rendered":"https:\/\/www.museuhistoricosl.com.br\/loja\/produto\/ia068-fd-0009\/"},"modified":"2022-01-28T14:07:10","modified_gmt":"2022-01-28T17:07:10","slug":"ia068-fd-0009","status":"publish","type":"product","link":"https:\/\/www.museuhistoricosl.com.br\/loja\/produto\/ia068-fd-0009\/","title":{"rendered":"IA068-FD-0009"},"content":{"rendered":"<p>Fotografia do fazendeiro e tropeiro Jo\u00e3o Ernesto Kohlrausch e sua esposa Sophia Blauth Kohlrausch, ambos naturais de Dois Irm\u00e3os. Jo\u00e3o Ernesto Kohlrausch estabeleceu-se, por muitos anos, em Vacaria, onde se dedicou ao com\u00e9rcio de gado, em sociedade com Jacob Lehn e Jacob Kroeff, que mantinha matadouro em Novo Hamburgo, para onde Jo\u00e3o Ernesto Kohlrausch tropeava o gado engordado em Vacaria, em sua est\u00e2ncia. Mais tarde, radicou-se em S\u00e3o Leopoldo. Fotografia tirada em 1904. &#8211; C\u00f3digo anterior de cat\u00e1logo:FD 68-9; Caixeiros-viajantes; Ajustar arquivo no D<\/p>\n","protected":false},"excerpt":{"rendered":"<p>Fotografia do fazendeiro e tropeiro Jo\u00e3o Ernesto Kohlrausch e sua esposa Sophia Blauth Kohlrausch, ambos naturais de Dois Irm\u00e3os. Jo\u00e3o<\/p>\n","protected":false},"featured_media":64036,"comment_status":"open","ping_status":"closed","template":"","meta":{"_acf_changed":false},"product_cat":[135],"product_tag":[],"class_list":["post-64037","product","type-product","status-publish","has-post-thumbnail","hentry","product_cat-caixeiros-viajantes"],"acf":[],"_links":{"self":[{"href":"https:\/\/www.museuhistoricosl.com.br\/loja\/wp-json\/wp\/v2\/product\/64037","targetHints":{"allow":["GET"]}}],"collection":[{"href":"https:\/\/www.museuhistoricosl.com.br\/loja\/wp-json\/wp\/v2\/product"}],"about":[{"href":"https:\/\/www.museuhistoricosl.com.br\/loja\/wp-json\/wp\/v2\/types\/product"}],"replies":[{"embeddable":true,"href":"https:\/\/www.museuhistoricosl.com.br\/loja\/wp-json\/wp\/v2\/comments?post=64037"}],"wp:featuredmedia":[{"embeddable":true,"href":"https:\/\/www.museuhistoricosl.com.br\/loja\/wp-json\/wp\/v2\/media\/64036"}],"wp:attachment":[{"href":"https:\/\/www.museuhistoricosl.com.br\/loja\/wp-json\/wp\/v2\/media?parent=64037"}],"wp:term":[{"taxonomy":"product_cat","embeddable":true,"href":"https:\/\/www.museuhistoricosl.com.br\/loja\/wp-json\/wp\/v2\/product_cat?post=64037"},{"taxonomy":"product_tag","embeddable":true,"href":"https:\/\/www.museuhistoricosl.com.br\/loja\/wp-json\/wp\/v2\/product_tag?post=64037"}],"curies":[{"name":"wp","href":"https:\/\/api.w.org\/{rel}","templated":true}]}}