{"id":63648,"date":"2022-01-28T13:57:13","date_gmt":"2022-01-28T16:57:13","guid":{"rendered":"https:\/\/www.museuhistoricosl.com.br\/loja\/produto\/br047-fd-0149\/"},"modified":"2022-01-28T13:57:13","modified_gmt":"2022-01-28T16:57:13","slug":"br047-fd-0149","status":"publish","type":"product","link":"https:\/\/www.museuhistoricosl.com.br\/loja\/produto\/br047-fd-0149\/","title":{"rendered":"BR047-FD-0149"},"content":{"rendered":"<p>Minas Gerais, Profeta Am\u00f3s, pedra-sab\u00e3o, de Ant\u00f4nio Francisco Lisboa &#8211; o Aleijadinho (1738 &#8211; 1814), conjunto dos &#8220;Passos&#8221;, Igreja de Bom Jesus dos Matosinhos, Congonhas do Campo, Minas Gerais, fins do s\u00e9culo XVIII, Foto Manchete; Brasil e Estrangeiro; <\/p>\n","protected":false},"excerpt":{"rendered":"<p>Minas Gerais, Profeta Am\u00f3s, pedra-sab\u00e3o, de Ant\u00f4nio Francisco Lisboa &#8211; o Aleijadinho (1738 &#8211; 1814), conjunto dos &#8220;Passos&#8221;, Igreja de<\/p>\n","protected":false},"featured_media":63647,"comment_status":"open","ping_status":"closed","template":"","meta":{"_acf_changed":false},"product_cat":[134],"product_tag":[],"class_list":["post-63648","product","type-product","status-publish","has-post-thumbnail","hentry","product_cat-brasil-e-estrangeiro"],"acf":[],"_links":{"self":[{"href":"https:\/\/www.museuhistoricosl.com.br\/loja\/wp-json\/wp\/v2\/product\/63648","targetHints":{"allow":["GET"]}}],"collection":[{"href":"https:\/\/www.museuhistoricosl.com.br\/loja\/wp-json\/wp\/v2\/product"}],"about":[{"href":"https:\/\/www.museuhistoricosl.com.br\/loja\/wp-json\/wp\/v2\/types\/product"}],"replies":[{"embeddable":true,"href":"https:\/\/www.museuhistoricosl.com.br\/loja\/wp-json\/wp\/v2\/comments?post=63648"}],"wp:featuredmedia":[{"embeddable":true,"href":"https:\/\/www.museuhistoricosl.com.br\/loja\/wp-json\/wp\/v2\/media\/63647"}],"wp:attachment":[{"href":"https:\/\/www.museuhistoricosl.com.br\/loja\/wp-json\/wp\/v2\/media?parent=63648"}],"wp:term":[{"taxonomy":"product_cat","embeddable":true,"href":"https:\/\/www.museuhistoricosl.com.br\/loja\/wp-json\/wp\/v2\/product_cat?post=63648"},{"taxonomy":"product_tag","embeddable":true,"href":"https:\/\/www.museuhistoricosl.com.br\/loja\/wp-json\/wp\/v2\/product_tag?post=63648"}],"curies":[{"name":"wp","href":"https:\/\/api.w.org\/{rel}","templated":true}]}}

<p>Minas Gerais, Profeta Amós, pedra-sabão, de Antônio Francisco Lisboa &#8211; o Aleijadinho (1738 &#8211; 1814), conjunto dos &#8220;Passos&#8221;, Igreja de Bom Jesus dos Matosinhos, Congonhas do Campo, Minas Gerais, fins do século XVIII, Foto Manchete; Brasil e Estrangeiro; </p>

<p>Minas Gerais, Profeta Amós, pedra-sabão, de Antônio Francisco Lisboa &#8211; o Aleijadinho (1738 &#8211; 1814), conjunto dos &#8220;Passos&#8221;, Igreja de</p>
