{"id":63644,"date":"2022-01-28T13:57:04","date_gmt":"2022-01-28T16:57:04","guid":{"rendered":"https:\/\/www.museuhistoricosl.com.br\/loja\/produto\/br047-fd-0147\/"},"modified":"2022-01-28T13:57:04","modified_gmt":"2022-01-28T16:57:04","slug":"br047-fd-0147","status":"publish","type":"product","link":"https:\/\/www.museuhistoricosl.com.br\/loja\/produto\/br047-fd-0147\/","title":{"rendered":"BR047-FD-0147"},"content":{"rendered":"<p>Minas Gerais, Aspecto da flagela\u00e7\u00e3o de Cristo, talha em madeira, de Ant\u00f4nio Francisco Lisboa &#8211; o Aleijadinho (1738 &#8211; 1814), conjunto dos &#8220;Passos&#8221;, Igreja de Bom Jesus dos Matosinhos, Congonhas do Campo, Minas Gerais, fins do s\u00e9culo XVIII, Foto Manchete; Brasil e Estrangeiro; <\/p>\n","protected":false},"excerpt":{"rendered":"<p>Minas Gerais, Aspecto da flagela\u00e7\u00e3o de Cristo, talha em madeira, de Ant\u00f4nio Francisco Lisboa &#8211; o Aleijadinho (1738 &#8211; 1814),<\/p>\n","protected":false},"featured_media":63643,"comment_status":"open","ping_status":"closed","template":"","meta":{"_acf_changed":false},"product_cat":[134],"product_tag":[],"class_list":["post-63644","product","type-product","status-publish","has-post-thumbnail","hentry","product_cat-brasil-e-estrangeiro"],"acf":[],"_links":{"self":[{"href":"https:\/\/www.museuhistoricosl.com.br\/loja\/wp-json\/wp\/v2\/product\/63644","targetHints":{"allow":["GET"]}}],"collection":[{"href":"https:\/\/www.museuhistoricosl.com.br\/loja\/wp-json\/wp\/v2\/product"}],"about":[{"href":"https:\/\/www.museuhistoricosl.com.br\/loja\/wp-json\/wp\/v2\/types\/product"}],"replies":[{"embeddable":true,"href":"https:\/\/www.museuhistoricosl.com.br\/loja\/wp-json\/wp\/v2\/comments?post=63644"}],"wp:featuredmedia":[{"embeddable":true,"href":"https:\/\/www.museuhistoricosl.com.br\/loja\/wp-json\/wp\/v2\/media\/63643"}],"wp:attachment":[{"href":"https:\/\/www.museuhistoricosl.com.br\/loja\/wp-json\/wp\/v2\/media?parent=63644"}],"wp:term":[{"taxonomy":"product_cat","embeddable":true,"href":"https:\/\/www.museuhistoricosl.com.br\/loja\/wp-json\/wp\/v2\/product_cat?post=63644"},{"taxonomy":"product_tag","embeddable":true,"href":"https:\/\/www.museuhistoricosl.com.br\/loja\/wp-json\/wp\/v2\/product_tag?post=63644"}],"curies":[{"name":"wp","href":"https:\/\/api.w.org\/{rel}","templated":true}]}}

<p>Minas Gerais, Aspecto da flagelação de Cristo, talha em madeira, de Antônio Francisco Lisboa &#8211; o Aleijadinho (1738 &#8211; 1814), conjunto dos &#8220;Passos&#8221;, Igreja de Bom Jesus dos Matosinhos, Congonhas do Campo, Minas Gerais, fins do século XVIII, Foto Manchete; Brasil e Estrangeiro; </p>

<p>Minas Gerais, Aspecto da flagelação de Cristo, talha em madeira, de Antônio Francisco Lisboa &#8211; o Aleijadinho (1738 &#8211; 1814),</p>
