{"id":63640,"date":"2022-01-28T13:56:59","date_gmt":"2022-01-28T16:56:59","guid":{"rendered":"https:\/\/www.museuhistoricosl.com.br\/loja\/produto\/br047-fd-0145\/"},"modified":"2022-01-28T13:56:59","modified_gmt":"2022-01-28T16:56:59","slug":"br047-fd-0145","status":"publish","type":"product","link":"https:\/\/www.museuhistoricosl.com.br\/loja\/produto\/br047-fd-0145\/","title":{"rendered":"BR047-FD-0145"},"content":{"rendered":"<p>Rio de Janeiro, Ex-pal\u00e1cio imperial, j\u00e1 foi sede de dois col\u00e9gios, o Sion e o S\u00e3o Vicente de Paulo, passando a museu por decreto lei do presidente Get\u00falio Vargas em 1940. Sua especialidade s\u00e3o os assuntos da monarquia e da cidade de Petr\u00f3polis. Tem em seu acervo pe\u00e7as valiosas, destacando-se a coroa de D.Pedro II, de outro cinzelado e com o peso de 1.955g, contendo 639 brilhantes e 77 p\u00e9rolas.; Brasil e Estrangeiro; <\/p>\n","protected":false},"excerpt":{"rendered":"<p>Rio de Janeiro, Ex-pal\u00e1cio imperial, j\u00e1 foi sede de dois col\u00e9gios, o Sion e o S\u00e3o Vicente de Paulo, passando<\/p>\n","protected":false},"featured_media":63639,"comment_status":"open","ping_status":"closed","template":"","meta":{"_acf_changed":false},"product_cat":[134],"product_tag":[],"class_list":["post-63640","product","type-product","status-publish","has-post-thumbnail","hentry","product_cat-brasil-e-estrangeiro"],"acf":[],"_links":{"self":[{"href":"https:\/\/www.museuhistoricosl.com.br\/loja\/wp-json\/wp\/v2\/product\/63640","targetHints":{"allow":["GET"]}}],"collection":[{"href":"https:\/\/www.museuhistoricosl.com.br\/loja\/wp-json\/wp\/v2\/product"}],"about":[{"href":"https:\/\/www.museuhistoricosl.com.br\/loja\/wp-json\/wp\/v2\/types\/product"}],"replies":[{"embeddable":true,"href":"https:\/\/www.museuhistoricosl.com.br\/loja\/wp-json\/wp\/v2\/comments?post=63640"}],"wp:featuredmedia":[{"embeddable":true,"href":"https:\/\/www.museuhistoricosl.com.br\/loja\/wp-json\/wp\/v2\/media\/63639"}],"wp:attachment":[{"href":"https:\/\/www.museuhistoricosl.com.br\/loja\/wp-json\/wp\/v2\/media?parent=63640"}],"wp:term":[{"taxonomy":"product_cat","embeddable":true,"href":"https:\/\/www.museuhistoricosl.com.br\/loja\/wp-json\/wp\/v2\/product_cat?post=63640"},{"taxonomy":"product_tag","embeddable":true,"href":"https:\/\/www.museuhistoricosl.com.br\/loja\/wp-json\/wp\/v2\/product_tag?post=63640"}],"curies":[{"name":"wp","href":"https:\/\/api.w.org\/{rel}","templated":true}]}}

<p>Rio de Janeiro, Ex-palácio imperial, já foi sede de dois colégios, o Sion e o São Vicente de Paulo, passando a museu por decreto lei do presidente Getúlio Vargas em 1940. Sua especialidade são os assuntos da monarquia e da cidade de Petrópolis. Tem em seu acervo peças valiosas, destacando-se a coroa de D.Pedro II, de outro cinzelado e com o peso de 1.955g, contendo 639 brilhantes e 77 pérolas.; Brasil e Estrangeiro; </p>

<p>Rio de Janeiro, Ex-palácio imperial, já foi sede de dois colégios, o Sion e o São Vicente de Paulo, passando</p>
