{"id":63560,"date":"2022-01-28T13:55:06","date_gmt":"2022-01-28T16:55:06","guid":{"rendered":"https:\/\/www.museuhistoricosl.com.br\/loja\/produto\/br047-fd-0105\/"},"modified":"2022-01-28T13:55:06","modified_gmt":"2022-01-28T16:55:06","slug":"br047-fd-0105","status":"publish","type":"product","link":"https:\/\/www.museuhistoricosl.com.br\/loja\/produto\/br047-fd-0105\/","title":{"rendered":"BR047-FD-0105"},"content":{"rendered":"<p>Alemanha, Soonwald Scheuke die ich aun 15\/09\/1995 mit menien Enkelu Ces\u00facht habe. Dorf wollte man meha \u00fcber die f\u00f6uheren A\u00faswanclerer coissen; Brasil e Estrangeiro; <\/p>\n","protected":false},"excerpt":{"rendered":"<p>Alemanha, Soonwald Scheuke die ich aun 15\/09\/1995 mit menien Enkelu Ces\u00facht habe. Dorf wollte man meha \u00fcber die f\u00f6uheren A\u00faswanclerer<\/p>\n","protected":false},"featured_media":63559,"comment_status":"open","ping_status":"closed","template":"","meta":{"_acf_changed":false},"product_cat":[134],"product_tag":[],"class_list":["post-63560","product","type-product","status-publish","has-post-thumbnail","hentry","product_cat-brasil-e-estrangeiro"],"acf":[],"_links":{"self":[{"href":"https:\/\/www.museuhistoricosl.com.br\/loja\/wp-json\/wp\/v2\/product\/63560","targetHints":{"allow":["GET"]}}],"collection":[{"href":"https:\/\/www.museuhistoricosl.com.br\/loja\/wp-json\/wp\/v2\/product"}],"about":[{"href":"https:\/\/www.museuhistoricosl.com.br\/loja\/wp-json\/wp\/v2\/types\/product"}],"replies":[{"embeddable":true,"href":"https:\/\/www.museuhistoricosl.com.br\/loja\/wp-json\/wp\/v2\/comments?post=63560"}],"wp:featuredmedia":[{"embeddable":true,"href":"https:\/\/www.museuhistoricosl.com.br\/loja\/wp-json\/wp\/v2\/media\/63559"}],"wp:attachment":[{"href":"https:\/\/www.museuhistoricosl.com.br\/loja\/wp-json\/wp\/v2\/media?parent=63560"}],"wp:term":[{"taxonomy":"product_cat","embeddable":true,"href":"https:\/\/www.museuhistoricosl.com.br\/loja\/wp-json\/wp\/v2\/product_cat?post=63560"},{"taxonomy":"product_tag","embeddable":true,"href":"https:\/\/www.museuhistoricosl.com.br\/loja\/wp-json\/wp\/v2\/product_tag?post=63560"}],"curies":[{"name":"wp","href":"https:\/\/api.w.org\/{rel}","templated":true}]}}

<p>Alemanha, Soonwald Scheuke die ich aun 15/09/1995 mit menien Enkelu Cesúcht habe. Dorf wollte man meha über die föuheren Aúswanclerer coissen; Brasil e Estrangeiro; </p>

<p>Alemanha, Soonwald Scheuke die ich aun 15/09/1995 mit menien Enkelu Cesúcht habe. Dorf wollte man meha über die föuheren Aúswanclerer</p>
