{"id":63406,"date":"2022-01-28T13:52:41","date_gmt":"2022-01-28T16:52:41","guid":{"rendered":"https:\/\/www.museuhistoricosl.com.br\/loja\/produto\/sl010-fd-0021\/"},"modified":"2022-01-28T13:52:41","modified_gmt":"2022-01-28T16:52:41","slug":"sl010-fd-0021","status":"publish","type":"product","link":"https:\/\/www.museuhistoricosl.com.br\/loja\/produto\/sl010-fd-0021\/","title":{"rendered":"SL010-FD-0021"},"content":{"rendered":"<p>Banquete SL, Jantar Lindolfo Collor, Foto batida quando Lindolfo Collor, Ministro do Trabalho em 1931, visitou S\u00e3o Leopoldo, collor foi o l\u00edder maximo deste misnist\u00e9rio. A reuni\u00e3o foi no Hotel Rio Branco. Nas costas do homeneageado, com fumona capela o ? ? ? Bleissmannn; Banquetes &#8211; S\u00e3o Leopoldo; <\/p>\n","protected":false},"excerpt":{"rendered":"<p>Banquete SL, Jantar Lindolfo Collor, Foto batida quando Lindolfo Collor, Ministro do Trabalho em 1931, visitou S\u00e3o Leopoldo, collor foi<\/p>\n","protected":false},"featured_media":63405,"comment_status":"open","ping_status":"closed","template":"","meta":{"_acf_changed":false},"product_cat":[133],"product_tag":[],"class_list":["post-63406","product","type-product","status-publish","has-post-thumbnail","hentry","product_cat-banquetes-sao-leopoldo"],"acf":[],"_links":{"self":[{"href":"https:\/\/www.museuhistoricosl.com.br\/loja\/wp-json\/wp\/v2\/product\/63406","targetHints":{"allow":["GET"]}}],"collection":[{"href":"https:\/\/www.museuhistoricosl.com.br\/loja\/wp-json\/wp\/v2\/product"}],"about":[{"href":"https:\/\/www.museuhistoricosl.com.br\/loja\/wp-json\/wp\/v2\/types\/product"}],"replies":[{"embeddable":true,"href":"https:\/\/www.museuhistoricosl.com.br\/loja\/wp-json\/wp\/v2\/comments?post=63406"}],"wp:featuredmedia":[{"embeddable":true,"href":"https:\/\/www.museuhistoricosl.com.br\/loja\/wp-json\/wp\/v2\/media\/63405"}],"wp:attachment":[{"href":"https:\/\/www.museuhistoricosl.com.br\/loja\/wp-json\/wp\/v2\/media?parent=63406"}],"wp:term":[{"taxonomy":"product_cat","embeddable":true,"href":"https:\/\/www.museuhistoricosl.com.br\/loja\/wp-json\/wp\/v2\/product_cat?post=63406"},{"taxonomy":"product_tag","embeddable":true,"href":"https:\/\/www.museuhistoricosl.com.br\/loja\/wp-json\/wp\/v2\/product_tag?post=63406"}],"curies":[{"name":"wp","href":"https:\/\/api.w.org\/{rel}","templated":true}]}}

<p>Banquete SL, Jantar Lindolfo Collor, Foto batida quando Lindolfo Collor, Ministro do Trabalho em 1931, visitou São Leopoldo, collor foi o líder maximo deste misnistério. A reunião foi no Hotel Rio Branco. Nas costas do homeneageado, com fumona capela o ? ? ? Bleissmannn; Banquetes &#8211; São Leopoldo; </p>

<p>Banquete SL, Jantar Lindolfo Collor, Foto batida quando Lindolfo Collor, Ministro do Trabalho em 1931, visitou São Leopoldo, collor foi</p>
