{"id":63211,"date":"2022-01-28T11:40:02","date_gmt":"2022-01-28T14:40:02","guid":{"rendered":"https:\/\/www.museuhistoricosl.com.br\/loja\/produto\/sl009-fd-0120\/"},"modified":"2022-01-28T11:40:02","modified_gmt":"2022-01-28T14:40:02","slug":"sl009-fd-0120","status":"publish","type":"product","link":"https:\/\/www.museuhistoricosl.com.br\/loja\/produto\/sl009-fd-0120\/","title":{"rendered":"SL009-FD-0120"},"content":{"rendered":"<p>Banco do Brasil, Ag\u00eancia 2990 &#8211; Rio Branco, Av. Feitoria, 34, Inaugura\u00e7\u00e3o novas instala\u00e7\u00f5es.; Bancos; <\/p>\n","protected":false},"excerpt":{"rendered":"<p>Banco do Brasil, Ag\u00eancia 2990 &#8211; Rio Branco, Av. Feitoria, 34, Inaugura\u00e7\u00e3o novas instala\u00e7\u00f5es.; Bancos;<\/p>\n","protected":false},"featured_media":63210,"comment_status":"open","ping_status":"closed","template":"","meta":{"_acf_changed":false},"product_cat":[132],"product_tag":[],"class_list":["post-63211","product","type-product","status-publish","has-post-thumbnail","hentry","product_cat-bancos"],"acf":[],"_links":{"self":[{"href":"https:\/\/www.museuhistoricosl.com.br\/loja\/wp-json\/wp\/v2\/product\/63211","targetHints":{"allow":["GET"]}}],"collection":[{"href":"https:\/\/www.museuhistoricosl.com.br\/loja\/wp-json\/wp\/v2\/product"}],"about":[{"href":"https:\/\/www.museuhistoricosl.com.br\/loja\/wp-json\/wp\/v2\/types\/product"}],"replies":[{"embeddable":true,"href":"https:\/\/www.museuhistoricosl.com.br\/loja\/wp-json\/wp\/v2\/comments?post=63211"}],"wp:featuredmedia":[{"embeddable":true,"href":"https:\/\/www.museuhistoricosl.com.br\/loja\/wp-json\/wp\/v2\/media\/63210"}],"wp:attachment":[{"href":"https:\/\/www.museuhistoricosl.com.br\/loja\/wp-json\/wp\/v2\/media?parent=63211"}],"wp:term":[{"taxonomy":"product_cat","embeddable":true,"href":"https:\/\/www.museuhistoricosl.com.br\/loja\/wp-json\/wp\/v2\/product_cat?post=63211"},{"taxonomy":"product_tag","embeddable":true,"href":"https:\/\/www.museuhistoricosl.com.br\/loja\/wp-json\/wp\/v2\/product_tag?post=63211"}],"curies":[{"name":"wp","href":"https:\/\/api.w.org\/{rel}","templated":true}]}}