{"id":63119,"date":"2022-01-28T11:38:34","date_gmt":"2022-01-28T14:38:34","guid":{"rendered":"https:\/\/www.museuhistoricosl.com.br\/loja\/produto\/sl009-fd-0074\/"},"modified":"2022-01-28T11:38:34","modified_gmt":"2022-01-28T14:38:34","slug":"sl009-fd-0074","status":"publish","type":"product","link":"https:\/\/www.museuhistoricosl.com.br\/loja\/produto\/sl009-fd-0074\/","title":{"rendered":"SL009-FD-0074"},"content":{"rendered":"<p>Inaugura\u00e7\u00e3o da Fin-Hab, Breno Bieri Gon\u00e7aves, Vivaldo Ayres Veloso, Gil Abbot Beck, Em\u00edlio Otto Kaminski, Pe. Edu Aguiar, Ciro Tavares de Oliveira (diretor geral da Fin-Hab), 18\/04\/1983; Bancos; <\/p>\n","protected":false},"excerpt":{"rendered":"<p>Inaugura\u00e7\u00e3o da Fin-Hab, Breno Bieri Gon\u00e7aves, Vivaldo Ayres Veloso, Gil Abbot Beck, Em\u00edlio Otto Kaminski, Pe. Edu Aguiar, Ciro Tavares<\/p>\n","protected":false},"featured_media":63118,"comment_status":"open","ping_status":"closed","template":"","meta":{"_acf_changed":false},"product_cat":[132],"product_tag":[],"class_list":["post-63119","product","type-product","status-publish","has-post-thumbnail","hentry","product_cat-bancos"],"acf":[],"_links":{"self":[{"href":"https:\/\/www.museuhistoricosl.com.br\/loja\/wp-json\/wp\/v2\/product\/63119","targetHints":{"allow":["GET"]}}],"collection":[{"href":"https:\/\/www.museuhistoricosl.com.br\/loja\/wp-json\/wp\/v2\/product"}],"about":[{"href":"https:\/\/www.museuhistoricosl.com.br\/loja\/wp-json\/wp\/v2\/types\/product"}],"replies":[{"embeddable":true,"href":"https:\/\/www.museuhistoricosl.com.br\/loja\/wp-json\/wp\/v2\/comments?post=63119"}],"wp:featuredmedia":[{"embeddable":true,"href":"https:\/\/www.museuhistoricosl.com.br\/loja\/wp-json\/wp\/v2\/media\/63118"}],"wp:attachment":[{"href":"https:\/\/www.museuhistoricosl.com.br\/loja\/wp-json\/wp\/v2\/media?parent=63119"}],"wp:term":[{"taxonomy":"product_cat","embeddable":true,"href":"https:\/\/www.museuhistoricosl.com.br\/loja\/wp-json\/wp\/v2\/product_cat?post=63119"},{"taxonomy":"product_tag","embeddable":true,"href":"https:\/\/www.museuhistoricosl.com.br\/loja\/wp-json\/wp\/v2\/product_tag?post=63119"}],"curies":[{"name":"wp","href":"https:\/\/api.w.org\/{rel}","templated":true}]}}

<p>Inauguração da Fin-Hab, Breno Bieri Gonçaves, Vivaldo Ayres Veloso, Gil Abbot Beck, Emílio Otto Kaminski, Pe. Edu Aguiar, Ciro Tavares de Oliveira (diretor geral da Fin-Hab), 18/04/1983; Bancos; </p>

<p>Inauguração da Fin-Hab, Breno Bieri Gonçaves, Vivaldo Ayres Veloso, Gil Abbot Beck, Emílio Otto Kaminski, Pe. Edu Aguiar, Ciro Tavares</p>
