{"id":62871,"date":"2022-01-28T07:44:38","date_gmt":"2022-01-28T10:44:38","guid":{"rendered":"https:\/\/www.museuhistoricosl.com.br\/loja\/produto\/sl001-fd-0046\/"},"modified":"2022-01-28T07:44:38","modified_gmt":"2022-01-28T10:44:38","slug":"sl001-fd-0046","status":"publish","type":"product","link":"https:\/\/www.museuhistoricosl.com.br\/loja\/produto\/sl001-fd-0046\/","title":{"rendered":"SL001-FD-0046"},"content":{"rendered":"<p>Acima, Miguel Azambuja de palestra com o Sr. Freitas Valle, festeiro. Festa de Nossa Senhora do Ros\u00e1rio em 1927. Abaixo, o \u201csalto da morte\u201d. 09\/10\/1927. Foto de Pl\u00ednio Kroeff. &#8211; C\u00f3digo anterior de cat\u00e1logo:FD 1,46; Zeppelin; <\/p>\n","protected":false},"excerpt":{"rendered":"<p>Acima, Miguel Azambuja de palestra com o Sr. Freitas Valle, festeiro. Festa de Nossa Senhora do Ros\u00e1rio em 1927. Abaixo,<\/p>\n","protected":false},"featured_media":62870,"comment_status":"open","ping_status":"closed","template":"","meta":{"_acf_changed":false},"product_cat":[131],"product_tag":[],"class_list":["post-62871","product","type-product","status-publish","has-post-thumbnail","hentry","product_cat-zeppelin"],"acf":[],"_links":{"self":[{"href":"https:\/\/www.museuhistoricosl.com.br\/loja\/wp-json\/wp\/v2\/product\/62871","targetHints":{"allow":["GET"]}}],"collection":[{"href":"https:\/\/www.museuhistoricosl.com.br\/loja\/wp-json\/wp\/v2\/product"}],"about":[{"href":"https:\/\/www.museuhistoricosl.com.br\/loja\/wp-json\/wp\/v2\/types\/product"}],"replies":[{"embeddable":true,"href":"https:\/\/www.museuhistoricosl.com.br\/loja\/wp-json\/wp\/v2\/comments?post=62871"}],"wp:featuredmedia":[{"embeddable":true,"href":"https:\/\/www.museuhistoricosl.com.br\/loja\/wp-json\/wp\/v2\/media\/62870"}],"wp:attachment":[{"href":"https:\/\/www.museuhistoricosl.com.br\/loja\/wp-json\/wp\/v2\/media?parent=62871"}],"wp:term":[{"taxonomy":"product_cat","embeddable":true,"href":"https:\/\/www.museuhistoricosl.com.br\/loja\/wp-json\/wp\/v2\/product_cat?post=62871"},{"taxonomy":"product_tag","embeddable":true,"href":"https:\/\/www.museuhistoricosl.com.br\/loja\/wp-json\/wp\/v2\/product_tag?post=62871"}],"curies":[{"name":"wp","href":"https:\/\/api.w.org\/{rel}","templated":true}]}}

<p>Acima, Miguel Azambuja de palestra com o Sr. Freitas Valle, festeiro. Festa de Nossa Senhora do Rosário em 1927. Abaixo, o “salto da morte”. 09/10/1927. Foto de Plínio Kroeff. &#8211; Código anterior de catálogo:FD 1,46; Zeppelin; </p>

<p>Acima, Miguel Azambuja de palestra com o Sr. Freitas Valle, festeiro. Festa de Nossa Senhora do Rosário em 1927. Abaixo,</p>
