{"id":62789,"date":"2022-01-28T07:43:43","date_gmt":"2022-01-28T10:43:43","guid":{"rendered":"https:\/\/www.museuhistoricosl.com.br\/loja\/produto\/sl001-fd-0005\/"},"modified":"2022-01-28T07:43:43","modified_gmt":"2022-01-28T10:43:43","slug":"sl001-fd-0005","status":"publish","type":"product","link":"https:\/\/www.museuhistoricosl.com.br\/loja\/produto\/sl001-fd-0005\/","title":{"rendered":"SL001-FD-0005"},"content":{"rendered":"<p>Chuva de granizo \u2013 S\u00e3o Leopoldo. &#8211; C\u00f3digo anterior de cat\u00e1logo:FD 1,5; Zeppelin; <\/p>\n","protected":false},"excerpt":{"rendered":"<p>Chuva de granizo \u2013 S\u00e3o Leopoldo. &#8211; C\u00f3digo anterior de cat\u00e1logo:FD 1,5; Zeppelin;<\/p>\n","protected":false},"featured_media":62788,"comment_status":"open","ping_status":"closed","template":"","meta":{"_acf_changed":false},"product_cat":[131],"product_tag":[],"class_list":["post-62789","product","type-product","status-publish","has-post-thumbnail","hentry","product_cat-zeppelin"],"acf":[],"_links":{"self":[{"href":"https:\/\/www.museuhistoricosl.com.br\/loja\/wp-json\/wp\/v2\/product\/62789","targetHints":{"allow":["GET"]}}],"collection":[{"href":"https:\/\/www.museuhistoricosl.com.br\/loja\/wp-json\/wp\/v2\/product"}],"about":[{"href":"https:\/\/www.museuhistoricosl.com.br\/loja\/wp-json\/wp\/v2\/types\/product"}],"replies":[{"embeddable":true,"href":"https:\/\/www.museuhistoricosl.com.br\/loja\/wp-json\/wp\/v2\/comments?post=62789"}],"wp:featuredmedia":[{"embeddable":true,"href":"https:\/\/www.museuhistoricosl.com.br\/loja\/wp-json\/wp\/v2\/media\/62788"}],"wp:attachment":[{"href":"https:\/\/www.museuhistoricosl.com.br\/loja\/wp-json\/wp\/v2\/media?parent=62789"}],"wp:term":[{"taxonomy":"product_cat","embeddable":true,"href":"https:\/\/www.museuhistoricosl.com.br\/loja\/wp-json\/wp\/v2\/product_cat?post=62789"},{"taxonomy":"product_tag","embeddable":true,"href":"https:\/\/www.museuhistoricosl.com.br\/loja\/wp-json\/wp\/v2\/product_tag?post=62789"}],"curies":[{"name":"wp","href":"https:\/\/api.w.org\/{rel}","templated":true}]}}

<p>Chuva de granizo – São Leopoldo. &#8211; Código anterior de catálogo:FD 1,5; Zeppelin; </p>

<p>Chuva de granizo – São Leopoldo. &#8211; Código anterior de catálogo:FD 1,5; Zeppelin;</p>
