{"id":61424,"date":"2022-01-27T15:05:06","date_gmt":"2022-01-27T18:05:06","guid":{"rendered":"https:\/\/www.museuhistoricosl.com.br\/loja\/produto\/sl098-fd-0040\/"},"modified":"2022-01-27T15:05:06","modified_gmt":"2022-01-27T18:05:06","slug":"sl098-fd-0040","status":"publish","type":"product","link":"https:\/\/www.museuhistoricosl.com.br\/loja\/produto\/sl098-fd-0040\/","title":{"rendered":"SL098-FD-0040"},"content":{"rendered":"<p>Posto Krause de Calvino Krause, no entroncamento da Scharlau. Note-se a faixa a faixa, Rr-2, hoje Br-116, simples. O sobrado era a resid\u00eancia Krause. Na duplica\u00e7\u00e3o o posto cedeu lugar, bem como o sobrado. &#8211; C\u00f3digo anterior de cat\u00e1logo:FD 98-40; Transportes; <\/p>\n","protected":false},"excerpt":{"rendered":"<p>Posto Krause de Calvino Krause, no entroncamento da Scharlau. Note-se a faixa a faixa, Rr-2, hoje Br-116, simples. O sobrado<\/p>\n","protected":false},"featured_media":61423,"comment_status":"open","ping_status":"closed","template":"","meta":{"_acf_changed":false},"product_cat":[128],"product_tag":[],"class_list":["post-61424","product","type-product","status-publish","has-post-thumbnail","hentry","product_cat-transportes"],"acf":[],"_links":{"self":[{"href":"https:\/\/www.museuhistoricosl.com.br\/loja\/wp-json\/wp\/v2\/product\/61424","targetHints":{"allow":["GET"]}}],"collection":[{"href":"https:\/\/www.museuhistoricosl.com.br\/loja\/wp-json\/wp\/v2\/product"}],"about":[{"href":"https:\/\/www.museuhistoricosl.com.br\/loja\/wp-json\/wp\/v2\/types\/product"}],"replies":[{"embeddable":true,"href":"https:\/\/www.museuhistoricosl.com.br\/loja\/wp-json\/wp\/v2\/comments?post=61424"}],"wp:featuredmedia":[{"embeddable":true,"href":"https:\/\/www.museuhistoricosl.com.br\/loja\/wp-json\/wp\/v2\/media\/61423"}],"wp:attachment":[{"href":"https:\/\/www.museuhistoricosl.com.br\/loja\/wp-json\/wp\/v2\/media?parent=61424"}],"wp:term":[{"taxonomy":"product_cat","embeddable":true,"href":"https:\/\/www.museuhistoricosl.com.br\/loja\/wp-json\/wp\/v2\/product_cat?post=61424"},{"taxonomy":"product_tag","embeddable":true,"href":"https:\/\/www.museuhistoricosl.com.br\/loja\/wp-json\/wp\/v2\/product_tag?post=61424"}],"curies":[{"name":"wp","href":"https:\/\/api.w.org\/{rel}","templated":true}]}}