{"id":61408,"date":"2022-01-27T15:04:46","date_gmt":"2022-01-27T18:04:46","guid":{"rendered":"https:\/\/www.museuhistoricosl.com.br\/loja\/produto\/sl098-fd-0032\/"},"modified":"2022-01-27T15:04:46","modified_gmt":"2022-01-27T18:04:46","slug":"sl098-fd-0032","status":"publish","type":"product","link":"https:\/\/www.museuhistoricosl.com.br\/loja\/produto\/sl098-fd-0032\/","title":{"rendered":"SL098-FD-0032"},"content":{"rendered":"<p>Empresa de \u00f4nibus Santa Maria de Garibaldi Konrath, natural de Dois Irm\u00e3os, morador em Novo Hamburgo. Foi para Santa Maria na d\u00e9cada de 30. Teve tamb\u00e9m empresa igual em Bag\u00e9. \u00c9 tio de Hani M\u00fcller, irm\u00e3o da m\u00e3e dela. &#8211; C\u00f3digo anterior de cat\u00e1logo:FD 98-32; Transportes; <\/p>\n","protected":false},"excerpt":{"rendered":"<p>Empresa de \u00f4nibus Santa Maria de Garibaldi Konrath, natural de Dois Irm\u00e3os, morador em Novo Hamburgo. Foi para Santa Maria<\/p>\n","protected":false},"featured_media":61407,"comment_status":"open","ping_status":"closed","template":"","meta":{"_acf_changed":false},"product_cat":[128],"product_tag":[],"class_list":["post-61408","product","type-product","status-publish","has-post-thumbnail","hentry","product_cat-transportes"],"acf":[],"_links":{"self":[{"href":"https:\/\/www.museuhistoricosl.com.br\/loja\/wp-json\/wp\/v2\/product\/61408","targetHints":{"allow":["GET"]}}],"collection":[{"href":"https:\/\/www.museuhistoricosl.com.br\/loja\/wp-json\/wp\/v2\/product"}],"about":[{"href":"https:\/\/www.museuhistoricosl.com.br\/loja\/wp-json\/wp\/v2\/types\/product"}],"replies":[{"embeddable":true,"href":"https:\/\/www.museuhistoricosl.com.br\/loja\/wp-json\/wp\/v2\/comments?post=61408"}],"wp:featuredmedia":[{"embeddable":true,"href":"https:\/\/www.museuhistoricosl.com.br\/loja\/wp-json\/wp\/v2\/media\/61407"}],"wp:attachment":[{"href":"https:\/\/www.museuhistoricosl.com.br\/loja\/wp-json\/wp\/v2\/media?parent=61408"}],"wp:term":[{"taxonomy":"product_cat","embeddable":true,"href":"https:\/\/www.museuhistoricosl.com.br\/loja\/wp-json\/wp\/v2\/product_cat?post=61408"},{"taxonomy":"product_tag","embeddable":true,"href":"https:\/\/www.museuhistoricosl.com.br\/loja\/wp-json\/wp\/v2\/product_tag?post=61408"}],"curies":[{"name":"wp","href":"https:\/\/api.w.org\/{rel}","templated":true}]}}