{"id":61354,"date":"2022-01-27T15:03:22","date_gmt":"2022-01-27T18:03:22","guid":{"rendered":"https:\/\/www.museuhistoricosl.com.br\/loja\/produto\/sl098-fd-0005\/"},"modified":"2022-01-27T15:03:22","modified_gmt":"2022-01-27T18:03:22","slug":"sl098-fd-0005","status":"publish","type":"product","link":"https:\/\/www.museuhistoricosl.com.br\/loja\/produto\/sl098-fd-0005\/","title":{"rendered":"SL098-FD-0005"},"content":{"rendered":"<p>Bananenfuhre &#8211; Transportadores de bananas. O trajeto utilizado pelos transportadores geralmente era o seguinte: sa\u00edam de Santo Ant\u00f4nio da Patrulha, passavam por Gravata\u00ed e vinham por Lomba Grande at\u00e9 S\u00e3o Leopoldo. Relato de Telmo Lauro M\u00fcller (professor e ex-diretor do museu, j\u00e1 falecido). &#8211; C\u00f3digo anterior de cat\u00e1logo:FD 98-5; Transportes; <\/p>\n","protected":false},"excerpt":{"rendered":"<p>Bananenfuhre &#8211; Transportadores de bananas. O trajeto utilizado pelos transportadores geralmente era o seguinte: sa\u00edam de Santo Ant\u00f4nio da Patrulha,<\/p>\n","protected":false},"featured_media":61353,"comment_status":"open","ping_status":"closed","template":"","meta":{"_acf_changed":false},"product_cat":[128],"product_tag":[],"class_list":["post-61354","product","type-product","status-publish","has-post-thumbnail","hentry","product_cat-transportes"],"acf":[],"_links":{"self":[{"href":"https:\/\/www.museuhistoricosl.com.br\/loja\/wp-json\/wp\/v2\/product\/61354","targetHints":{"allow":["GET"]}}],"collection":[{"href":"https:\/\/www.museuhistoricosl.com.br\/loja\/wp-json\/wp\/v2\/product"}],"about":[{"href":"https:\/\/www.museuhistoricosl.com.br\/loja\/wp-json\/wp\/v2\/types\/product"}],"replies":[{"embeddable":true,"href":"https:\/\/www.museuhistoricosl.com.br\/loja\/wp-json\/wp\/v2\/comments?post=61354"}],"wp:featuredmedia":[{"embeddable":true,"href":"https:\/\/www.museuhistoricosl.com.br\/loja\/wp-json\/wp\/v2\/media\/61353"}],"wp:attachment":[{"href":"https:\/\/www.museuhistoricosl.com.br\/loja\/wp-json\/wp\/v2\/media?parent=61354"}],"wp:term":[{"taxonomy":"product_cat","embeddable":true,"href":"https:\/\/www.museuhistoricosl.com.br\/loja\/wp-json\/wp\/v2\/product_cat?post=61354"},{"taxonomy":"product_tag","embeddable":true,"href":"https:\/\/www.museuhistoricosl.com.br\/loja\/wp-json\/wp\/v2\/product_tag?post=61354"}],"curies":[{"name":"wp","href":"https:\/\/api.w.org\/{rel}","templated":true}]}}