{"id":61348,"date":"2022-01-27T15:03:14","date_gmt":"2022-01-27T18:03:14","guid":{"rendered":"https:\/\/www.museuhistoricosl.com.br\/loja\/produto\/sl098-fd-0002\/"},"modified":"2022-01-27T15:03:14","modified_gmt":"2022-01-27T18:03:14","slug":"sl098-fd-0002","status":"publish","type":"product","link":"https:\/\/www.museuhistoricosl.com.br\/loja\/produto\/sl098-fd-0002\/","title":{"rendered":"SL098-FD-0002"},"content":{"rendered":"<p>Linha de \u00f4nibus entre Linha Caf\u00e9 (atual munic\u00edpio de Picada Caf\u00e9) e Taquara &#8211; fundador e propriet\u00e1rio Rudolf Pahl (imigrante). &#8211; C\u00f3digo anterior de cat\u00e1logo:FD 98-2; Transportes; <\/p>\n","protected":false},"excerpt":{"rendered":"<p>Linha de \u00f4nibus entre Linha Caf\u00e9 (atual munic\u00edpio de Picada Caf\u00e9) e Taquara &#8211; fundador e propriet\u00e1rio Rudolf Pahl (imigrante).<\/p>\n","protected":false},"featured_media":61347,"comment_status":"open","ping_status":"closed","template":"","meta":{"_acf_changed":false},"product_cat":[128],"product_tag":[],"class_list":["post-61348","product","type-product","status-publish","has-post-thumbnail","hentry","product_cat-transportes"],"acf":[],"_links":{"self":[{"href":"https:\/\/www.museuhistoricosl.com.br\/loja\/wp-json\/wp\/v2\/product\/61348","targetHints":{"allow":["GET"]}}],"collection":[{"href":"https:\/\/www.museuhistoricosl.com.br\/loja\/wp-json\/wp\/v2\/product"}],"about":[{"href":"https:\/\/www.museuhistoricosl.com.br\/loja\/wp-json\/wp\/v2\/types\/product"}],"replies":[{"embeddable":true,"href":"https:\/\/www.museuhistoricosl.com.br\/loja\/wp-json\/wp\/v2\/comments?post=61348"}],"wp:featuredmedia":[{"embeddable":true,"href":"https:\/\/www.museuhistoricosl.com.br\/loja\/wp-json\/wp\/v2\/media\/61347"}],"wp:attachment":[{"href":"https:\/\/www.museuhistoricosl.com.br\/loja\/wp-json\/wp\/v2\/media?parent=61348"}],"wp:term":[{"taxonomy":"product_cat","embeddable":true,"href":"https:\/\/www.museuhistoricosl.com.br\/loja\/wp-json\/wp\/v2\/product_cat?post=61348"},{"taxonomy":"product_tag","embeddable":true,"href":"https:\/\/www.museuhistoricosl.com.br\/loja\/wp-json\/wp\/v2\/product_tag?post=61348"}],"curies":[{"name":"wp","href":"https:\/\/api.w.org\/{rel}","templated":true}]}}

<p>Linha de ônibus entre Linha Café (atual município de Picada Café) e Taquara &#8211; fundador e proprietário Rudolf Pahl (imigrante). &#8211; Código anterior de catálogo:FD 98-2; Transportes; </p>

<p>Linha de ônibus entre Linha Café (atual município de Picada Café) e Taquara &#8211; fundador e proprietário Rudolf Pahl (imigrante).</p>
