{"id":61291,"date":"2022-01-27T14:49:39","date_gmt":"2022-01-27T17:49:39","guid":{"rendered":"https:\/\/www.museuhistoricosl.com.br\/loja\/produto\/sl109-fd-0052\/"},"modified":"2022-01-27T14:49:39","modified_gmt":"2022-01-27T17:49:39","slug":"sl109-fd-0052","status":"publish","type":"product","link":"https:\/\/www.museuhistoricosl.com.br\/loja\/produto\/sl109-fd-0052\/","title":{"rendered":"SL109-FD-0052"},"content":{"rendered":"<p>Tradi\u00e7\u00e3o Germ\u00e2nica: Sauda\u00e7\u00e3o ao ano novo. Grupo de amigos de Jo\u00e3o Klein, pai de Sybilla Johanna M\u00fcller, esposa do primeiro diretor do museu. &#8211; C\u00f3digo anterior de cat\u00e1logo:FD 109-52; Tradi\u00e7\u00e3o e Cultura; <\/p>\n","protected":false},"excerpt":{"rendered":"<p>Tradi\u00e7\u00e3o Germ\u00e2nica: Sauda\u00e7\u00e3o ao ano novo. Grupo de amigos de Jo\u00e3o Klein, pai de Sybilla Johanna M\u00fcller, esposa do primeiro<\/p>\n","protected":false},"featured_media":61290,"comment_status":"open","ping_status":"closed","template":"","meta":{"_acf_changed":false},"product_cat":[126],"product_tag":[],"class_list":["post-61291","product","type-product","status-publish","has-post-thumbnail","hentry","product_cat-tradicao-e-cultura"],"acf":[],"_links":{"self":[{"href":"https:\/\/www.museuhistoricosl.com.br\/loja\/wp-json\/wp\/v2\/product\/61291","targetHints":{"allow":["GET"]}}],"collection":[{"href":"https:\/\/www.museuhistoricosl.com.br\/loja\/wp-json\/wp\/v2\/product"}],"about":[{"href":"https:\/\/www.museuhistoricosl.com.br\/loja\/wp-json\/wp\/v2\/types\/product"}],"replies":[{"embeddable":true,"href":"https:\/\/www.museuhistoricosl.com.br\/loja\/wp-json\/wp\/v2\/comments?post=61291"}],"wp:featuredmedia":[{"embeddable":true,"href":"https:\/\/www.museuhistoricosl.com.br\/loja\/wp-json\/wp\/v2\/media\/61290"}],"wp:attachment":[{"href":"https:\/\/www.museuhistoricosl.com.br\/loja\/wp-json\/wp\/v2\/media?parent=61291"}],"wp:term":[{"taxonomy":"product_cat","embeddable":true,"href":"https:\/\/www.museuhistoricosl.com.br\/loja\/wp-json\/wp\/v2\/product_cat?post=61291"},{"taxonomy":"product_tag","embeddable":true,"href":"https:\/\/www.museuhistoricosl.com.br\/loja\/wp-json\/wp\/v2\/product_tag?post=61291"}],"curies":[{"name":"wp","href":"https:\/\/api.w.org\/{rel}","templated":true}]}}

<p>Tradição Germânica: Saudação ao ano novo. Grupo de amigos de João Klein, pai de Sybilla Johanna Müller, esposa do primeiro diretor do museu. &#8211; Código anterior de catálogo:FD 109-52; Tradição e Cultura; </p>

<p>Tradição Germânica: Saudação ao ano novo. Grupo de amigos de João Klein, pai de Sybilla Johanna Müller, esposa do primeiro</p>
