{"id":61285,"date":"2022-01-27T14:49:36","date_gmt":"2022-01-27T17:49:36","guid":{"rendered":"https:\/\/www.museuhistoricosl.com.br\/loja\/produto\/sl109-fd-0049\/"},"modified":"2022-01-27T14:49:36","modified_gmt":"2022-01-27T17:49:36","slug":"sl109-fd-0049","status":"publish","type":"product","link":"https:\/\/www.museuhistoricosl.com.br\/loja\/produto\/sl109-fd-0049\/","title":{"rendered":"SL109-FD-0049"},"content":{"rendered":"<p>Natal na casa da fam\u00edlia Bergamo, em Nova Milano. Decora\u00e7\u00e3o feito pela tia, Margarete Nauer. S\u00e3o Leopoldo, d\u00e9cada de 30 &#8211; C\u00f3digo anterior de cat\u00e1logo:FD 109-49; Tradi\u00e7\u00e3o e Cultura; <\/p>\n","protected":false},"excerpt":{"rendered":"<p>Natal na casa da fam\u00edlia Bergamo, em Nova Milano. Decora\u00e7\u00e3o feito pela tia, Margarete Nauer. S\u00e3o Leopoldo, d\u00e9cada de 30<\/p>\n","protected":false},"featured_media":61284,"comment_status":"open","ping_status":"closed","template":"","meta":{"_acf_changed":false},"product_cat":[126],"product_tag":[],"class_list":["post-61285","product","type-product","status-publish","has-post-thumbnail","hentry","product_cat-tradicao-e-cultura"],"acf":[],"_links":{"self":[{"href":"https:\/\/www.museuhistoricosl.com.br\/loja\/wp-json\/wp\/v2\/product\/61285","targetHints":{"allow":["GET"]}}],"collection":[{"href":"https:\/\/www.museuhistoricosl.com.br\/loja\/wp-json\/wp\/v2\/product"}],"about":[{"href":"https:\/\/www.museuhistoricosl.com.br\/loja\/wp-json\/wp\/v2\/types\/product"}],"replies":[{"embeddable":true,"href":"https:\/\/www.museuhistoricosl.com.br\/loja\/wp-json\/wp\/v2\/comments?post=61285"}],"wp:featuredmedia":[{"embeddable":true,"href":"https:\/\/www.museuhistoricosl.com.br\/loja\/wp-json\/wp\/v2\/media\/61284"}],"wp:attachment":[{"href":"https:\/\/www.museuhistoricosl.com.br\/loja\/wp-json\/wp\/v2\/media?parent=61285"}],"wp:term":[{"taxonomy":"product_cat","embeddable":true,"href":"https:\/\/www.museuhistoricosl.com.br\/loja\/wp-json\/wp\/v2\/product_cat?post=61285"},{"taxonomy":"product_tag","embeddable":true,"href":"https:\/\/www.museuhistoricosl.com.br\/loja\/wp-json\/wp\/v2\/product_tag?post=61285"}],"curies":[{"name":"wp","href":"https:\/\/api.w.org\/{rel}","templated":true}]}}

<p>Natal na casa da família Bergamo, em Nova Milano. Decoração feito pela tia, Margarete Nauer. São Leopoldo, década de 30 &#8211; Código anterior de catálogo:FD 109-49; Tradição e Cultura; </p>

<p>Natal na casa da família Bergamo, em Nova Milano. Decoração feito pela tia, Margarete Nauer. São Leopoldo, década de 30</p>
