{"id":61233,"date":"2022-01-27T14:48:55","date_gmt":"2022-01-27T17:48:55","guid":{"rendered":"https:\/\/www.museuhistoricosl.com.br\/loja\/produto\/sl109-fd-0023\/"},"modified":"2022-01-27T14:48:55","modified_gmt":"2022-01-27T17:48:55","slug":"sl109-fd-0023","status":"publish","type":"product","link":"https:\/\/www.museuhistoricosl.com.br\/loja\/produto\/sl109-fd-0023\/","title":{"rendered":"SL109-FD-0023"},"content":{"rendered":"<p>A \u00faltima cavalhada. S\u00e3o Leopoldo\/RS. 09.11.1946. Doado por Monsenhor Ruben Neis Maws, em 29.09.1985 &#8211; C\u00f3digo anterior de cat\u00e1logo:FD 109-23; Tradi\u00e7\u00e3o e Cultura; A \u00faltima cavalhada realizada em S\u00e3o Leopoldo, foi com o Sr. Prefeito Carlos de Souza Moraes. Doador: Monsenhor. Ruben Neis.<\/p>\n","protected":false},"excerpt":{"rendered":"<p>A \u00faltima cavalhada. S\u00e3o Leopoldo\/RS. 09.11.1946. Doado por Monsenhor Ruben Neis Maws, em 29.09.1985 &#8211; C\u00f3digo anterior de cat\u00e1logo:FD 109-23;<\/p>\n","protected":false},"featured_media":61232,"comment_status":"open","ping_status":"closed","template":"","meta":{"_acf_changed":false},"product_cat":[126],"product_tag":[],"class_list":["post-61233","product","type-product","status-publish","has-post-thumbnail","hentry","product_cat-tradicao-e-cultura"],"acf":[],"_links":{"self":[{"href":"https:\/\/www.museuhistoricosl.com.br\/loja\/wp-json\/wp\/v2\/product\/61233","targetHints":{"allow":["GET"]}}],"collection":[{"href":"https:\/\/www.museuhistoricosl.com.br\/loja\/wp-json\/wp\/v2\/product"}],"about":[{"href":"https:\/\/www.museuhistoricosl.com.br\/loja\/wp-json\/wp\/v2\/types\/product"}],"replies":[{"embeddable":true,"href":"https:\/\/www.museuhistoricosl.com.br\/loja\/wp-json\/wp\/v2\/comments?post=61233"}],"wp:featuredmedia":[{"embeddable":true,"href":"https:\/\/www.museuhistoricosl.com.br\/loja\/wp-json\/wp\/v2\/media\/61232"}],"wp:attachment":[{"href":"https:\/\/www.museuhistoricosl.com.br\/loja\/wp-json\/wp\/v2\/media?parent=61233"}],"wp:term":[{"taxonomy":"product_cat","embeddable":true,"href":"https:\/\/www.museuhistoricosl.com.br\/loja\/wp-json\/wp\/v2\/product_cat?post=61233"},{"taxonomy":"product_tag","embeddable":true,"href":"https:\/\/www.museuhistoricosl.com.br\/loja\/wp-json\/wp\/v2\/product_tag?post=61233"}],"curies":[{"name":"wp","href":"https:\/\/api.w.org\/{rel}","templated":true}]}}

<p>A última cavalhada. São Leopoldo/RS. 09.11.1946. Doado por Monsenhor Ruben Neis Maws, em 29.09.1985 &#8211; Código anterior de catálogo:FD 109-23; Tradição e Cultura; A última cavalhada realizada em São Leopoldo, foi com o Sr. Prefeito Carlos de Souza Moraes. Doador: Monsenhor. Ruben Neis.</p>

<p>A última cavalhada. São Leopoldo/RS. 09.11.1946. Doado por Monsenhor Ruben Neis Maws, em 29.09.1985 &#8211; Código anterior de catálogo:FD 109-23;</p>
