{"id":61215,"date":"2022-01-27T14:48:43","date_gmt":"2022-01-27T17:48:43","guid":{"rendered":"https:\/\/www.museuhistoricosl.com.br\/loja\/produto\/sl109-fd-0014\/"},"modified":"2022-01-27T14:48:43","modified_gmt":"2022-01-27T17:48:43","slug":"sl109-fd-0014","status":"publish","type":"product","link":"https:\/\/www.museuhistoricosl.com.br\/loja\/produto\/sl109-fd-0014\/","title":{"rendered":"SL109-FD-0014"},"content":{"rendered":"<p>Carta a tia e madrinha, Julianna Saft, de Reinilda R\u00f6se. Bom Jardim. 27.02.1914 &#8211; C\u00f3digo anterior de cat\u00e1logo:FD 109-14; Tradi\u00e7\u00e3o e Cultura; <\/p>\n","protected":false},"excerpt":{"rendered":"<p>Carta a tia e madrinha, Julianna Saft, de Reinilda R\u00f6se. Bom Jardim. 27.02.1914 &#8211; C\u00f3digo anterior de cat\u00e1logo:FD 109-14; Tradi\u00e7\u00e3o<\/p>\n","protected":false},"featured_media":61214,"comment_status":"open","ping_status":"closed","template":"","meta":{"_acf_changed":false},"product_cat":[126],"product_tag":[],"class_list":["post-61215","product","type-product","status-publish","has-post-thumbnail","hentry","product_cat-tradicao-e-cultura"],"acf":[],"_links":{"self":[{"href":"https:\/\/www.museuhistoricosl.com.br\/loja\/wp-json\/wp\/v2\/product\/61215","targetHints":{"allow":["GET"]}}],"collection":[{"href":"https:\/\/www.museuhistoricosl.com.br\/loja\/wp-json\/wp\/v2\/product"}],"about":[{"href":"https:\/\/www.museuhistoricosl.com.br\/loja\/wp-json\/wp\/v2\/types\/product"}],"replies":[{"embeddable":true,"href":"https:\/\/www.museuhistoricosl.com.br\/loja\/wp-json\/wp\/v2\/comments?post=61215"}],"wp:featuredmedia":[{"embeddable":true,"href":"https:\/\/www.museuhistoricosl.com.br\/loja\/wp-json\/wp\/v2\/media\/61214"}],"wp:attachment":[{"href":"https:\/\/www.museuhistoricosl.com.br\/loja\/wp-json\/wp\/v2\/media?parent=61215"}],"wp:term":[{"taxonomy":"product_cat","embeddable":true,"href":"https:\/\/www.museuhistoricosl.com.br\/loja\/wp-json\/wp\/v2\/product_cat?post=61215"},{"taxonomy":"product_tag","embeddable":true,"href":"https:\/\/www.museuhistoricosl.com.br\/loja\/wp-json\/wp\/v2\/product_tag?post=61215"}],"curies":[{"name":"wp","href":"https:\/\/api.w.org\/{rel}","templated":true}]}}

<p>Carta a tia e madrinha, Julianna Saft, de Reinilda Röse. Bom Jardim. 27.02.1914 &#8211; Código anterior de catálogo:FD 109-14; Tradição e Cultura; </p>

<p>Carta a tia e madrinha, Julianna Saft, de Reinilda Röse. Bom Jardim. 27.02.1914 &#8211; Código anterior de catálogo:FD 109-14; Tradição</p>
