{"id":60920,"date":"2022-01-27T14:42:05","date_gmt":"2022-01-27T17:42:05","guid":{"rendered":"https:\/\/www.museuhistoricosl.com.br\/loja\/produto\/sl095-fd-0100\/"},"modified":"2022-01-27T14:42:05","modified_gmt":"2022-01-27T17:42:05","slug":"sl095-fd-0100","status":"publish","type":"product","link":"https:\/\/www.museuhistoricosl.com.br\/loja\/produto\/sl095-fd-0100\/","title":{"rendered":"SL095-FD-0100"},"content":{"rendered":"<p>Associa\u00e7\u00e3o Comercial, de Erna Dichell; Trabalho e Produ\u00e7\u00e3o; <\/p>\n","protected":false},"excerpt":{"rendered":"<p>Associa\u00e7\u00e3o Comercial, de Erna Dichell; Trabalho e Produ\u00e7\u00e3o;<\/p>\n","protected":false},"featured_media":60919,"comment_status":"open","ping_status":"closed","template":"","meta":{"_acf_changed":false},"product_cat":[125],"product_tag":[],"class_list":["post-60920","product","type-product","status-publish","has-post-thumbnail","hentry","product_cat-trabalho-e-producao"],"acf":[],"_links":{"self":[{"href":"https:\/\/www.museuhistoricosl.com.br\/loja\/wp-json\/wp\/v2\/product\/60920","targetHints":{"allow":["GET"]}}],"collection":[{"href":"https:\/\/www.museuhistoricosl.com.br\/loja\/wp-json\/wp\/v2\/product"}],"about":[{"href":"https:\/\/www.museuhistoricosl.com.br\/loja\/wp-json\/wp\/v2\/types\/product"}],"replies":[{"embeddable":true,"href":"https:\/\/www.museuhistoricosl.com.br\/loja\/wp-json\/wp\/v2\/comments?post=60920"}],"wp:featuredmedia":[{"embeddable":true,"href":"https:\/\/www.museuhistoricosl.com.br\/loja\/wp-json\/wp\/v2\/media\/60919"}],"wp:attachment":[{"href":"https:\/\/www.museuhistoricosl.com.br\/loja\/wp-json\/wp\/v2\/media?parent=60920"}],"wp:term":[{"taxonomy":"product_cat","embeddable":true,"href":"https:\/\/www.museuhistoricosl.com.br\/loja\/wp-json\/wp\/v2\/product_cat?post=60920"},{"taxonomy":"product_tag","embeddable":true,"href":"https:\/\/www.museuhistoricosl.com.br\/loja\/wp-json\/wp\/v2\/product_tag?post=60920"}],"curies":[{"name":"wp","href":"https:\/\/api.w.org\/{rel}","templated":true}]}}

<p>Associação Comercial, de Erna Dichell; Trabalho e Produção; </p>

<p>Associação Comercial, de Erna Dichell; Trabalho e Produção;</p>
