{"id":60346,"date":"2022-01-27T14:25:29","date_gmt":"2022-01-27T17:25:29","guid":{"rendered":"https:\/\/www.museuhistoricosl.com.br\/loja\/produto\/sl088-fd-0009-2\/"},"modified":"2022-01-27T14:25:29","modified_gmt":"2022-01-27T17:25:29","slug":"sl088-fd-0009-2","status":"publish","type":"product","link":"https:\/\/www.museuhistoricosl.com.br\/loja\/produto\/sl088-fd-0009-2\/","title":{"rendered":"SL088-FD-0009"},"content":{"rendered":"<p>Ulanos de Ferraz, localidade do munic\u00edpio de Santa Cruz do Sul, 1890. O nome Ulano vem dos povos t\u00e1rtaros. Segundo consta, os ulanos tem rela\u00e7\u00e3o com os poloneses, que acabaram se tornando a for\u00e7a militar do pa\u00eds. Outros pa\u00edses acabaram copiando este modelo militar, inclusive nos uniformes. &#8211; C\u00f3digo anterior de cat\u00e1logo:FD 88-09; Sociedades de Canto e Bandas; <\/p>\n","protected":false},"excerpt":{"rendered":"<p>Ulanos de Ferraz, localidade do munic\u00edpio de Santa Cruz do Sul, 1890. O nome Ulano vem dos povos t\u00e1rtaros. Segundo<\/p>\n","protected":false},"featured_media":60136,"comment_status":"open","ping_status":"closed","template":"","meta":{"_acf_changed":false},"product_cat":[123],"product_tag":[],"class_list":["post-60346","product","type-product","status-publish","has-post-thumbnail","hentry","product_cat-sociedades-de-canto-e-bandas"],"acf":[],"_links":{"self":[{"href":"https:\/\/www.museuhistoricosl.com.br\/loja\/wp-json\/wp\/v2\/product\/60346","targetHints":{"allow":["GET"]}}],"collection":[{"href":"https:\/\/www.museuhistoricosl.com.br\/loja\/wp-json\/wp\/v2\/product"}],"about":[{"href":"https:\/\/www.museuhistoricosl.com.br\/loja\/wp-json\/wp\/v2\/types\/product"}],"replies":[{"embeddable":true,"href":"https:\/\/www.museuhistoricosl.com.br\/loja\/wp-json\/wp\/v2\/comments?post=60346"}],"wp:featuredmedia":[{"embeddable":true,"href":"https:\/\/www.museuhistoricosl.com.br\/loja\/wp-json\/wp\/v2\/media\/60136"}],"wp:attachment":[{"href":"https:\/\/www.museuhistoricosl.com.br\/loja\/wp-json\/wp\/v2\/media?parent=60346"}],"wp:term":[{"taxonomy":"product_cat","embeddable":true,"href":"https:\/\/www.museuhistoricosl.com.br\/loja\/wp-json\/wp\/v2\/product_cat?post=60346"},{"taxonomy":"product_tag","embeddable":true,"href":"https:\/\/www.museuhistoricosl.com.br\/loja\/wp-json\/wp\/v2\/product_tag?post=60346"}],"curies":[{"name":"wp","href":"https:\/\/api.w.org\/{rel}","templated":true}]}}

<p>Ulanos de Ferraz, localidade do município de Santa Cruz do Sul, 1890. O nome Ulano vem dos povos tártaros. Segundo consta, os ulanos tem relação com os poloneses, que acabaram se tornando a força militar do país. Outros países acabaram copiando este modelo militar, inclusive nos uniformes. &#8211; Código anterior de catálogo:FD 88-09; Sociedades de Canto e Bandas; </p>

<p>Ulanos de Ferraz, localidade do município de Santa Cruz do Sul, 1890. O nome Ulano vem dos povos tártaros. Segundo</p>
