{"id":60169,"date":"2022-01-27T14:13:36","date_gmt":"2022-01-27T17:13:36","guid":{"rendered":"https:\/\/www.museuhistoricosl.com.br\/loja\/produto\/sl088-fd-0025\/"},"modified":"2022-01-27T14:13:36","modified_gmt":"2022-01-27T17:13:36","slug":"sl088-fd-0025","status":"publish","type":"product","link":"https:\/\/www.museuhistoricosl.com.br\/loja\/produto\/sl088-fd-0025\/","title":{"rendered":"SL088-FD-0025"},"content":{"rendered":"<p>Coral da Sociedade Gin\u00e1stica. Da esquerda para a direita: Fila de cima: ______ Fr\u00e4nkel; Paulo bier; Emerich Hopfer; ______ Ritz; Ant\u00f4nio Campani; Emilio Thurmann; Fila do meio: Carlos Nowatzky; Eloi Peterson; Roberto Seewald; Paul Olschowsky; ______ Jaenisch; Guilherme Wolf; ______;Fila de baixo: Alberto Helm; Constante Peterson; Heinrich Bohrer; Jan van Teffelen (regente do coral); ______; Ricus Bier; Bruno Schiehl. &#8211; C\u00f3digo anterior de cat\u00e1logo:FD 88-25; Sociedades de Canto e Bandas; <\/p>\n","protected":false},"excerpt":{"rendered":"<p>Coral da Sociedade Gin\u00e1stica. Da esquerda para a direita: Fila de cima: ______ Fr\u00e4nkel; Paulo bier; Emerich Hopfer; ______ Ritz;<\/p>\n","protected":false},"featured_media":60168,"comment_status":"open","ping_status":"closed","template":"","meta":{"_acf_changed":false},"product_cat":[123],"product_tag":[],"class_list":["post-60169","product","type-product","status-publish","has-post-thumbnail","hentry","product_cat-sociedades-de-canto-e-bandas"],"acf":[],"_links":{"self":[{"href":"https:\/\/www.museuhistoricosl.com.br\/loja\/wp-json\/wp\/v2\/product\/60169","targetHints":{"allow":["GET"]}}],"collection":[{"href":"https:\/\/www.museuhistoricosl.com.br\/loja\/wp-json\/wp\/v2\/product"}],"about":[{"href":"https:\/\/www.museuhistoricosl.com.br\/loja\/wp-json\/wp\/v2\/types\/product"}],"replies":[{"embeddable":true,"href":"https:\/\/www.museuhistoricosl.com.br\/loja\/wp-json\/wp\/v2\/comments?post=60169"}],"wp:featuredmedia":[{"embeddable":true,"href":"https:\/\/www.museuhistoricosl.com.br\/loja\/wp-json\/wp\/v2\/media\/60168"}],"wp:attachment":[{"href":"https:\/\/www.museuhistoricosl.com.br\/loja\/wp-json\/wp\/v2\/media?parent=60169"}],"wp:term":[{"taxonomy":"product_cat","embeddable":true,"href":"https:\/\/www.museuhistoricosl.com.br\/loja\/wp-json\/wp\/v2\/product_cat?post=60169"},{"taxonomy":"product_tag","embeddable":true,"href":"https:\/\/www.museuhistoricosl.com.br\/loja\/wp-json\/wp\/v2\/product_tag?post=60169"}],"curies":[{"name":"wp","href":"https:\/\/api.w.org\/{rel}","templated":true}]}}

<p>Coral da Sociedade Ginástica. Da esquerda para a direita: Fila de cima: ______ Fränkel; Paulo bier; Emerich Hopfer; ______ Ritz; Antônio Campani; Emilio Thurmann; Fila do meio: Carlos Nowatzky; Eloi Peterson; Roberto Seewald; Paul Olschowsky; ______ Jaenisch; Guilherme Wolf; ______;Fila de baixo: Alberto Helm; Constante Peterson; Heinrich Bohrer; Jan van Teffelen (regente do coral); ______; Ricus Bier; Bruno Schiehl. &#8211; Código anterior de catálogo:FD 88-25; Sociedades de Canto e Bandas; </p>

<p>Coral da Sociedade Ginástica. Da esquerda para a direita: Fila de cima: ______ Fränkel; Paulo bier; Emerich Hopfer; ______ Ritz;</p>
