{"id":60143,"date":"2022-01-27T14:13:16","date_gmt":"2022-01-27T17:13:16","guid":{"rendered":"https:\/\/www.museuhistoricosl.com.br\/loja\/produto\/sl088-fd-0012\/"},"modified":"2022-01-27T14:13:16","modified_gmt":"2022-01-27T17:13:16","slug":"sl088-fd-0012","status":"publish","type":"product","link":"https:\/\/www.museuhistoricosl.com.br\/loja\/produto\/sl088-fd-0012\/","title":{"rendered":"SL088-FD-0012"},"content":{"rendered":"<p>Erinnerung na das 25 j\u00e4hrige Bestehen des Sch\u00fctzenverein. Lembran\u00e7a do 25\u00ba anivers\u00e1rio da Sociedade Atiradores de Picada 48 (localidade dos atuais munic\u00edpios de Ivoti &#8211; na \u00e9poca Bom Jardim, distrito de S\u00e3o Leopoldo &#8211; e Lindolfo Collor), no ano de 1925. &#8211; C\u00f3digo anterior de cat\u00e1logo:FD 88-12; Sociedades de Canto e Bandas; <\/p>\n","protected":false},"excerpt":{"rendered":"<p>Erinnerung na das 25 j\u00e4hrige Bestehen des Sch\u00fctzenverein. Lembran\u00e7a do 25\u00ba anivers\u00e1rio da Sociedade Atiradores de Picada 48 (localidade dos<\/p>\n","protected":false},"featured_media":60142,"comment_status":"open","ping_status":"closed","template":"","meta":{"_acf_changed":false},"product_cat":[123],"product_tag":[],"class_list":["post-60143","product","type-product","status-publish","has-post-thumbnail","hentry","product_cat-sociedades-de-canto-e-bandas"],"acf":[],"_links":{"self":[{"href":"https:\/\/www.museuhistoricosl.com.br\/loja\/wp-json\/wp\/v2\/product\/60143","targetHints":{"allow":["GET"]}}],"collection":[{"href":"https:\/\/www.museuhistoricosl.com.br\/loja\/wp-json\/wp\/v2\/product"}],"about":[{"href":"https:\/\/www.museuhistoricosl.com.br\/loja\/wp-json\/wp\/v2\/types\/product"}],"replies":[{"embeddable":true,"href":"https:\/\/www.museuhistoricosl.com.br\/loja\/wp-json\/wp\/v2\/comments?post=60143"}],"wp:featuredmedia":[{"embeddable":true,"href":"https:\/\/www.museuhistoricosl.com.br\/loja\/wp-json\/wp\/v2\/media\/60142"}],"wp:attachment":[{"href":"https:\/\/www.museuhistoricosl.com.br\/loja\/wp-json\/wp\/v2\/media?parent=60143"}],"wp:term":[{"taxonomy":"product_cat","embeddable":true,"href":"https:\/\/www.museuhistoricosl.com.br\/loja\/wp-json\/wp\/v2\/product_cat?post=60143"},{"taxonomy":"product_tag","embeddable":true,"href":"https:\/\/www.museuhistoricosl.com.br\/loja\/wp-json\/wp\/v2\/product_tag?post=60143"}],"curies":[{"name":"wp","href":"https:\/\/api.w.org\/{rel}","templated":true}]}}

<p>Erinnerung na das 25 jährige Bestehen des Schützenverein. Lembrança do 25º aniversário da Sociedade Atiradores de Picada 48 (localidade dos atuais municípios de Ivoti &#8211; na época Bom Jardim, distrito de São Leopoldo &#8211; e Lindolfo Collor), no ano de 1925. &#8211; Código anterior de catálogo:FD 88-12; Sociedades de Canto e Bandas; </p>

<p>Erinnerung na das 25 jährige Bestehen des Schützenverein. Lembrança do 25º aniversário da Sociedade Atiradores de Picada 48 (localidade dos</p>
