{"id":60127,"date":"2022-01-27T14:13:06","date_gmt":"2022-01-27T17:13:06","guid":{"rendered":"https:\/\/www.museuhistoricosl.com.br\/loja\/produto\/sl088-fd-0003\/"},"modified":"2022-01-27T14:13:06","modified_gmt":"2022-01-27T17:13:06","slug":"sl088-fd-0003","status":"publish","type":"product","link":"https:\/\/www.museuhistoricosl.com.br\/loja\/produto\/sl088-fd-0003\/","title":{"rendered":"SL088-FD-0003"},"content":{"rendered":"<p>Banda do Gin\u00e1sio Nossa Senhora da Concei\u00e7\u00e3o, S\u00e3o Leopoldo, em 1907.  &#8211; C\u00f3digo anterior de cat\u00e1logo:FD 88-03; Sociedades de Canto e Bandas; <\/p>\n","protected":false},"excerpt":{"rendered":"<p>Banda do Gin\u00e1sio Nossa Senhora da Concei\u00e7\u00e3o, S\u00e3o Leopoldo, em 1907. &#8211; C\u00f3digo anterior de cat\u00e1logo:FD 88-03; Sociedades de Canto<\/p>\n","protected":false},"featured_media":60126,"comment_status":"open","ping_status":"closed","template":"","meta":{"_acf_changed":false},"product_cat":[123],"product_tag":[],"class_list":["post-60127","product","type-product","status-publish","has-post-thumbnail","hentry","product_cat-sociedades-de-canto-e-bandas"],"acf":[],"_links":{"self":[{"href":"https:\/\/www.museuhistoricosl.com.br\/loja\/wp-json\/wp\/v2\/product\/60127","targetHints":{"allow":["GET"]}}],"collection":[{"href":"https:\/\/www.museuhistoricosl.com.br\/loja\/wp-json\/wp\/v2\/product"}],"about":[{"href":"https:\/\/www.museuhistoricosl.com.br\/loja\/wp-json\/wp\/v2\/types\/product"}],"replies":[{"embeddable":true,"href":"https:\/\/www.museuhistoricosl.com.br\/loja\/wp-json\/wp\/v2\/comments?post=60127"}],"wp:featuredmedia":[{"embeddable":true,"href":"https:\/\/www.museuhistoricosl.com.br\/loja\/wp-json\/wp\/v2\/media\/60126"}],"wp:attachment":[{"href":"https:\/\/www.museuhistoricosl.com.br\/loja\/wp-json\/wp\/v2\/media?parent=60127"}],"wp:term":[{"taxonomy":"product_cat","embeddable":true,"href":"https:\/\/www.museuhistoricosl.com.br\/loja\/wp-json\/wp\/v2\/product_cat?post=60127"},{"taxonomy":"product_tag","embeddable":true,"href":"https:\/\/www.museuhistoricosl.com.br\/loja\/wp-json\/wp\/v2\/product_tag?post=60127"}],"curies":[{"name":"wp","href":"https:\/\/api.w.org\/{rel}","templated":true}]}}

<p>Banda do Ginásio Nossa Senhora da Conceição, São Leopoldo, em 1907.  &#8211; Código anterior de catálogo:FD 88-03; Sociedades de Canto e Bandas; </p>

<p>Banda do Ginásio Nossa Senhora da Conceição, São Leopoldo, em 1907. &#8211; Código anterior de catálogo:FD 88-03; Sociedades de Canto</p>
