{"id":58288,"date":"2022-01-27T13:42:14","date_gmt":"2022-01-27T16:42:14","guid":{"rendered":"https:\/\/www.museuhistoricosl.com.br\/loja\/produto\/sl092-fd-0024\/"},"modified":"2022-01-27T13:42:14","modified_gmt":"2022-01-27T16:42:14","slug":"sl092-fd-0024","status":"publish","type":"product","link":"https:\/\/www.museuhistoricosl.com.br\/loja\/produto\/sl092-fd-0024\/","title":{"rendered":"SL092-FD-0024"},"content":{"rendered":"<p>Reconstru\u00e7\u00e3o da Sociedade Orpheu. O presidente Andr\u00e9 di Alexandre, o ex-presidente Celso Justo e o primeiro ministro do _________________. &#8211; C\u00f3digo anterior de cat\u00e1logo:FD 92,1-24; Sociedade Orpheu &#8211; S\u00e3o Leopoldo; <\/p>\n","protected":false},"excerpt":{"rendered":"<p>Reconstru\u00e7\u00e3o da Sociedade Orpheu. O presidente Andr\u00e9 di Alexandre, o ex-presidente Celso Justo e o primeiro ministro do _________________. &#8211;<\/p>\n","protected":false},"featured_media":58287,"comment_status":"open","ping_status":"closed","template":"","meta":{"_acf_changed":false},"product_cat":[122],"product_tag":[],"class_list":["post-58288","product","type-product","status-publish","has-post-thumbnail","hentry","product_cat-sociedade-orpheu-sao-leopoldo"],"acf":[],"_links":{"self":[{"href":"https:\/\/www.museuhistoricosl.com.br\/loja\/wp-json\/wp\/v2\/product\/58288","targetHints":{"allow":["GET"]}}],"collection":[{"href":"https:\/\/www.museuhistoricosl.com.br\/loja\/wp-json\/wp\/v2\/product"}],"about":[{"href":"https:\/\/www.museuhistoricosl.com.br\/loja\/wp-json\/wp\/v2\/types\/product"}],"replies":[{"embeddable":true,"href":"https:\/\/www.museuhistoricosl.com.br\/loja\/wp-json\/wp\/v2\/comments?post=58288"}],"wp:featuredmedia":[{"embeddable":true,"href":"https:\/\/www.museuhistoricosl.com.br\/loja\/wp-json\/wp\/v2\/media\/58287"}],"wp:attachment":[{"href":"https:\/\/www.museuhistoricosl.com.br\/loja\/wp-json\/wp\/v2\/media?parent=58288"}],"wp:term":[{"taxonomy":"product_cat","embeddable":true,"href":"https:\/\/www.museuhistoricosl.com.br\/loja\/wp-json\/wp\/v2\/product_cat?post=58288"},{"taxonomy":"product_tag","embeddable":true,"href":"https:\/\/www.museuhistoricosl.com.br\/loja\/wp-json\/wp\/v2\/product_tag?post=58288"}],"curies":[{"name":"wp","href":"https:\/\/api.w.org\/{rel}","templated":true}]}}

<p>Reconstrução da Sociedade Orpheu. O presidente André di Alexandre, o ex-presidente Celso Justo e o primeiro ministro do _________________. &#8211; Código anterior de catálogo:FD 92,1-24; Sociedade Orpheu &#8211; São Leopoldo; </p>

<p>Reconstrução da Sociedade Orpheu. O presidente André di Alexandre, o ex-presidente Celso Justo e o primeiro ministro do _________________. &#8211;</p>
