{"id":58256,"date":"2022-01-27T13:41:50","date_gmt":"2022-01-27T16:41:50","guid":{"rendered":"https:\/\/www.museuhistoricosl.com.br\/loja\/produto\/sl092-fd-0008\/"},"modified":"2022-01-27T13:41:50","modified_gmt":"2022-01-27T16:41:50","slug":"sl092-fd-0008","status":"publish","type":"product","link":"https:\/\/www.museuhistoricosl.com.br\/loja\/produto\/sl092-fd-0008\/","title":{"rendered":"SL092-FD-0008"},"content":{"rendered":"<p>Coletiva \u00e0 imprensa sobre a reconstru\u00e7\u00e3o da Sociedade Orpheu, 09\/04\/1997. O engenheiro respons\u00e1vel pela obra, Luiz Renato C\u00e2mara da Rosa, de camisa branca e bra\u00e7o erguido. &#8211; C\u00f3digo anterior de cat\u00e1logo:FD 92,1-08; Sociedade Orpheu &#8211; S\u00e3o Leopoldo; <\/p>\n","protected":false},"excerpt":{"rendered":"<p>Coletiva \u00e0 imprensa sobre a reconstru\u00e7\u00e3o da Sociedade Orpheu, 09\/04\/1997. O engenheiro respons\u00e1vel pela obra, Luiz Renato C\u00e2mara da Rosa,<\/p>\n","protected":false},"featured_media":58255,"comment_status":"open","ping_status":"closed","template":"","meta":{"_acf_changed":false},"product_cat":[122],"product_tag":[],"class_list":["post-58256","product","type-product","status-publish","has-post-thumbnail","hentry","product_cat-sociedade-orpheu-sao-leopoldo"],"acf":[],"_links":{"self":[{"href":"https:\/\/www.museuhistoricosl.com.br\/loja\/wp-json\/wp\/v2\/product\/58256","targetHints":{"allow":["GET"]}}],"collection":[{"href":"https:\/\/www.museuhistoricosl.com.br\/loja\/wp-json\/wp\/v2\/product"}],"about":[{"href":"https:\/\/www.museuhistoricosl.com.br\/loja\/wp-json\/wp\/v2\/types\/product"}],"replies":[{"embeddable":true,"href":"https:\/\/www.museuhistoricosl.com.br\/loja\/wp-json\/wp\/v2\/comments?post=58256"}],"wp:featuredmedia":[{"embeddable":true,"href":"https:\/\/www.museuhistoricosl.com.br\/loja\/wp-json\/wp\/v2\/media\/58255"}],"wp:attachment":[{"href":"https:\/\/www.museuhistoricosl.com.br\/loja\/wp-json\/wp\/v2\/media?parent=58256"}],"wp:term":[{"taxonomy":"product_cat","embeddable":true,"href":"https:\/\/www.museuhistoricosl.com.br\/loja\/wp-json\/wp\/v2\/product_cat?post=58256"},{"taxonomy":"product_tag","embeddable":true,"href":"https:\/\/www.museuhistoricosl.com.br\/loja\/wp-json\/wp\/v2\/product_tag?post=58256"}],"curies":[{"name":"wp","href":"https:\/\/api.w.org\/{rel}","templated":true}]}}