{"id":58254,"date":"2022-01-27T13:41:49","date_gmt":"2022-01-27T16:41:49","guid":{"rendered":"https:\/\/www.museuhistoricosl.com.br\/loja\/produto\/sl092-fd-0007\/"},"modified":"2022-01-27T13:41:49","modified_gmt":"2022-01-27T16:41:49","slug":"sl092-fd-0007","status":"publish","type":"product","link":"https:\/\/www.museuhistoricosl.com.br\/loja\/produto\/sl092-fd-0007\/","title":{"rendered":"SL092-FD-0007"},"content":{"rendered":"<p>Coletiva \u00e0 imprensa sobre a reconstru\u00e7\u00e3o da Sociedade Orpheu, 09\/04\/1997. O presidente do Orpheu, Andr\u00e9 di Alexandre (de gravata). &#8211; C\u00f3digo anterior de cat\u00e1logo:FD 92,1-07; Sociedade Orpheu &#8211; S\u00e3o Leopoldo; <\/p>\n","protected":false},"excerpt":{"rendered":"<p>Coletiva \u00e0 imprensa sobre a reconstru\u00e7\u00e3o da Sociedade Orpheu, 09\/04\/1997. O presidente do Orpheu, Andr\u00e9 di Alexandre (de gravata). &#8211;<\/p>\n","protected":false},"featured_media":58253,"comment_status":"open","ping_status":"closed","template":"","meta":{"_acf_changed":false},"product_cat":[122],"product_tag":[],"class_list":["post-58254","product","type-product","status-publish","has-post-thumbnail","hentry","product_cat-sociedade-orpheu-sao-leopoldo"],"acf":[],"_links":{"self":[{"href":"https:\/\/www.museuhistoricosl.com.br\/loja\/wp-json\/wp\/v2\/product\/58254","targetHints":{"allow":["GET"]}}],"collection":[{"href":"https:\/\/www.museuhistoricosl.com.br\/loja\/wp-json\/wp\/v2\/product"}],"about":[{"href":"https:\/\/www.museuhistoricosl.com.br\/loja\/wp-json\/wp\/v2\/types\/product"}],"replies":[{"embeddable":true,"href":"https:\/\/www.museuhistoricosl.com.br\/loja\/wp-json\/wp\/v2\/comments?post=58254"}],"wp:featuredmedia":[{"embeddable":true,"href":"https:\/\/www.museuhistoricosl.com.br\/loja\/wp-json\/wp\/v2\/media\/58253"}],"wp:attachment":[{"href":"https:\/\/www.museuhistoricosl.com.br\/loja\/wp-json\/wp\/v2\/media?parent=58254"}],"wp:term":[{"taxonomy":"product_cat","embeddable":true,"href":"https:\/\/www.museuhistoricosl.com.br\/loja\/wp-json\/wp\/v2\/product_cat?post=58254"},{"taxonomy":"product_tag","embeddable":true,"href":"https:\/\/www.museuhistoricosl.com.br\/loja\/wp-json\/wp\/v2\/product_tag?post=58254"}],"curies":[{"name":"wp","href":"https:\/\/api.w.org\/{rel}","templated":true}]}}

<p>Coletiva à imprensa sobre a reconstrução da Sociedade Orpheu, 09/04/1997. O presidente do Orpheu, André di Alexandre (de gravata). &#8211; Código anterior de catálogo:FD 92,1-07; Sociedade Orpheu &#8211; São Leopoldo; </p>

<p>Coletiva à imprensa sobre a reconstrução da Sociedade Orpheu, 09/04/1997. O presidente do Orpheu, André di Alexandre (de gravata). &#8211;</p>
