{"id":58252,"date":"2022-01-27T13:41:47","date_gmt":"2022-01-27T16:41:47","guid":{"rendered":"https:\/\/www.museuhistoricosl.com.br\/loja\/produto\/sl092-fd-0006\/"},"modified":"2022-01-27T13:41:47","modified_gmt":"2022-01-27T16:41:47","slug":"sl092-fd-0006","status":"publish","type":"product","link":"https:\/\/www.museuhistoricosl.com.br\/loja\/produto\/sl092-fd-0006\/","title":{"rendered":"SL092-FD-0006"},"content":{"rendered":"<p>Coletiva \u00e0 imprensa sobre a reconstru\u00e7\u00e3o da Sociedade Orpheu, 09\/04\/1997. Ao centro, Andr\u00e9 di Alexandre (com chaveiro na cal\u00e7a), Celeste Porto (de branco), oneide Serro, Jos\u00e9 Carlos Eggers, Luiz Albrecht (amarelo) e Jo\u00e3o Corr\u00eaa da Silveira (patrono do clube). &#8211; C\u00f3digo anterior de cat\u00e1logo:FD 92,1-06; Sociedade Orpheu &#8211; S\u00e3o Leopoldo; <\/p>\n","protected":false},"excerpt":{"rendered":"<p>Coletiva \u00e0 imprensa sobre a reconstru\u00e7\u00e3o da Sociedade Orpheu, 09\/04\/1997. Ao centro, Andr\u00e9 di Alexandre (com chaveiro na cal\u00e7a), Celeste<\/p>\n","protected":false},"featured_media":58251,"comment_status":"open","ping_status":"closed","template":"","meta":{"_acf_changed":false},"product_cat":[122],"product_tag":[],"class_list":["post-58252","product","type-product","status-publish","has-post-thumbnail","hentry","product_cat-sociedade-orpheu-sao-leopoldo"],"acf":[],"_links":{"self":[{"href":"https:\/\/www.museuhistoricosl.com.br\/loja\/wp-json\/wp\/v2\/product\/58252","targetHints":{"allow":["GET"]}}],"collection":[{"href":"https:\/\/www.museuhistoricosl.com.br\/loja\/wp-json\/wp\/v2\/product"}],"about":[{"href":"https:\/\/www.museuhistoricosl.com.br\/loja\/wp-json\/wp\/v2\/types\/product"}],"replies":[{"embeddable":true,"href":"https:\/\/www.museuhistoricosl.com.br\/loja\/wp-json\/wp\/v2\/comments?post=58252"}],"wp:featuredmedia":[{"embeddable":true,"href":"https:\/\/www.museuhistoricosl.com.br\/loja\/wp-json\/wp\/v2\/media\/58251"}],"wp:attachment":[{"href":"https:\/\/www.museuhistoricosl.com.br\/loja\/wp-json\/wp\/v2\/media?parent=58252"}],"wp:term":[{"taxonomy":"product_cat","embeddable":true,"href":"https:\/\/www.museuhistoricosl.com.br\/loja\/wp-json\/wp\/v2\/product_cat?post=58252"},{"taxonomy":"product_tag","embeddable":true,"href":"https:\/\/www.museuhistoricosl.com.br\/loja\/wp-json\/wp\/v2\/product_tag?post=58252"}],"curies":[{"name":"wp","href":"https:\/\/api.w.org\/{rel}","templated":true}]}}

<p>Coletiva à imprensa sobre a reconstrução da Sociedade Orpheu, 09/04/1997. Ao centro, André di Alexandre (com chaveiro na calça), Celeste Porto (de branco), oneide Serro, José Carlos Eggers, Luiz Albrecht (amarelo) e João Corrêa da Silveira (patrono do clube). &#8211; Código anterior de catálogo:FD 92,1-06; Sociedade Orpheu &#8211; São Leopoldo; </p>

<p>Coletiva à imprensa sobre a reconstrução da Sociedade Orpheu, 09/04/1997. Ao centro, André di Alexandre (com chaveiro na calça), Celeste</p>
