{"id":58250,"date":"2022-01-27T13:41:46","date_gmt":"2022-01-27T16:41:46","guid":{"rendered":"https:\/\/www.museuhistoricosl.com.br\/loja\/produto\/sl092-fd-0005\/"},"modified":"2022-01-27T13:41:46","modified_gmt":"2022-01-27T16:41:46","slug":"sl092-fd-0005","status":"publish","type":"product","link":"https:\/\/www.museuhistoricosl.com.br\/loja\/produto\/sl092-fd-0005\/","title":{"rendered":"SL092-FD-0005"},"content":{"rendered":"<p>Coletiva \u00e0 imprensa sobre a reconstru\u00e7\u00e3o da Sociedade Orpheu, 09\/04\/1997. O p\u00fablico visita as futuras instala\u00e7\u00f5es da cozinha. Da esquerda para a direita: Cl\u00e9ber Martim, Paulo Mil\u00e3o, Cl\u00e9rio Osmar de Souza, S\u00e9rgio Vitola, \u00c1lvaro Cardoso, Gen\u00e9sio Monteiro, Mauro Lambert, Let\u00edcia Meine (filmando). &#8211; C\u00f3digo anterior de cat\u00e1logo:FD 92,1-05; Sociedade Orpheu &#8211; S\u00e3o Leopoldo; <\/p>\n","protected":false},"excerpt":{"rendered":"<p>Coletiva \u00e0 imprensa sobre a reconstru\u00e7\u00e3o da Sociedade Orpheu, 09\/04\/1997. O p\u00fablico visita as futuras instala\u00e7\u00f5es da cozinha. Da esquerda<\/p>\n","protected":false},"featured_media":58249,"comment_status":"open","ping_status":"closed","template":"","meta":{"_acf_changed":false},"product_cat":[122],"product_tag":[],"class_list":["post-58250","product","type-product","status-publish","has-post-thumbnail","hentry","product_cat-sociedade-orpheu-sao-leopoldo"],"acf":[],"_links":{"self":[{"href":"https:\/\/www.museuhistoricosl.com.br\/loja\/wp-json\/wp\/v2\/product\/58250","targetHints":{"allow":["GET"]}}],"collection":[{"href":"https:\/\/www.museuhistoricosl.com.br\/loja\/wp-json\/wp\/v2\/product"}],"about":[{"href":"https:\/\/www.museuhistoricosl.com.br\/loja\/wp-json\/wp\/v2\/types\/product"}],"replies":[{"embeddable":true,"href":"https:\/\/www.museuhistoricosl.com.br\/loja\/wp-json\/wp\/v2\/comments?post=58250"}],"wp:featuredmedia":[{"embeddable":true,"href":"https:\/\/www.museuhistoricosl.com.br\/loja\/wp-json\/wp\/v2\/media\/58249"}],"wp:attachment":[{"href":"https:\/\/www.museuhistoricosl.com.br\/loja\/wp-json\/wp\/v2\/media?parent=58250"}],"wp:term":[{"taxonomy":"product_cat","embeddable":true,"href":"https:\/\/www.museuhistoricosl.com.br\/loja\/wp-json\/wp\/v2\/product_cat?post=58250"},{"taxonomy":"product_tag","embeddable":true,"href":"https:\/\/www.museuhistoricosl.com.br\/loja\/wp-json\/wp\/v2\/product_tag?post=58250"}],"curies":[{"name":"wp","href":"https:\/\/api.w.org\/{rel}","templated":true}]}}

<p>Coletiva à imprensa sobre a reconstrução da Sociedade Orpheu, 09/04/1997. O público visita as futuras instalações da cozinha. Da esquerda para a direita: Cléber Martim, Paulo Milão, Clério Osmar de Souza, Sérgio Vitola, Álvaro Cardoso, Genésio Monteiro, Mauro Lambert, Letícia Meine (filmando). &#8211; Código anterior de catálogo:FD 92,1-05; Sociedade Orpheu &#8211; São Leopoldo; </p>

<p>Coletiva à imprensa sobre a reconstrução da Sociedade Orpheu, 09/04/1997. O público visita as futuras instalações da cozinha. Da esquerda</p>
