{"id":58248,"date":"2022-01-27T13:41:45","date_gmt":"2022-01-27T16:41:45","guid":{"rendered":"https:\/\/www.museuhistoricosl.com.br\/loja\/produto\/sl092-fd-0004\/"},"modified":"2022-01-27T13:41:45","modified_gmt":"2022-01-27T16:41:45","slug":"sl092-fd-0004","status":"publish","type":"product","link":"https:\/\/www.museuhistoricosl.com.br\/loja\/produto\/sl092-fd-0004\/","title":{"rendered":"SL092-FD-0004"},"content":{"rendered":"<p>Coletiva \u00e0 imprensa sobre a reconstru\u00e7\u00e3o da Sociedade Orpheu, 09\/04\/1997. O engenheiro Renato C\u00e2mara da Rosa explica as instala\u00e7\u00f5es. Em sua volta, da esquerda pra a direita: Luiz Santetti (listrado) Cl\u00e9rio de Souza, Paulo Mil\u00e3o, Celso Justo, Jos\u00e9 Carlos Eggers (azul), Jos\u00e9 Roberto Thiesen, Andr\u00e9 di Alexandre, Luiz C. Albrecht (amarelo), S\u00e9rgio Vitola. &#8211; C\u00f3digo anterior de cat\u00e1logo:FD 92,1-04; Sociedade Orpheu &#8211; S\u00e3o Leopoldo; <\/p>\n","protected":false},"excerpt":{"rendered":"<p>Coletiva \u00e0 imprensa sobre a reconstru\u00e7\u00e3o da Sociedade Orpheu, 09\/04\/1997. O engenheiro Renato C\u00e2mara da Rosa explica as instala\u00e7\u00f5es. Em<\/p>\n","protected":false},"featured_media":58247,"comment_status":"open","ping_status":"closed","template":"","meta":{"_acf_changed":false},"product_cat":[122],"product_tag":[],"class_list":["post-58248","product","type-product","status-publish","has-post-thumbnail","hentry","product_cat-sociedade-orpheu-sao-leopoldo"],"acf":[],"_links":{"self":[{"href":"https:\/\/www.museuhistoricosl.com.br\/loja\/wp-json\/wp\/v2\/product\/58248","targetHints":{"allow":["GET"]}}],"collection":[{"href":"https:\/\/www.museuhistoricosl.com.br\/loja\/wp-json\/wp\/v2\/product"}],"about":[{"href":"https:\/\/www.museuhistoricosl.com.br\/loja\/wp-json\/wp\/v2\/types\/product"}],"replies":[{"embeddable":true,"href":"https:\/\/www.museuhistoricosl.com.br\/loja\/wp-json\/wp\/v2\/comments?post=58248"}],"wp:featuredmedia":[{"embeddable":true,"href":"https:\/\/www.museuhistoricosl.com.br\/loja\/wp-json\/wp\/v2\/media\/58247"}],"wp:attachment":[{"href":"https:\/\/www.museuhistoricosl.com.br\/loja\/wp-json\/wp\/v2\/media?parent=58248"}],"wp:term":[{"taxonomy":"product_cat","embeddable":true,"href":"https:\/\/www.museuhistoricosl.com.br\/loja\/wp-json\/wp\/v2\/product_cat?post=58248"},{"taxonomy":"product_tag","embeddable":true,"href":"https:\/\/www.museuhistoricosl.com.br\/loja\/wp-json\/wp\/v2\/product_tag?post=58248"}],"curies":[{"name":"wp","href":"https:\/\/api.w.org\/{rel}","templated":true}]}}

<p>Coletiva à imprensa sobre a reconstrução da Sociedade Orpheu, 09/04/1997. O engenheiro Renato Câmara da Rosa explica as instalações. Em sua volta, da esquerda pra a direita: Luiz Santetti (listrado) Clério de Souza, Paulo Milão, Celso Justo, José Carlos Eggers (azul), José Roberto Thiesen, André di Alexandre, Luiz C. Albrecht (amarelo), Sérgio Vitola. &#8211; Código anterior de catálogo:FD 92,1-04; Sociedade Orpheu &#8211; São Leopoldo; </p>

<p>Coletiva à imprensa sobre a reconstrução da Sociedade Orpheu, 09/04/1997. O engenheiro Renato Câmara da Rosa explica as instalações. Em</p>
