{"id":58217,"date":"2022-01-27T13:30:52","date_gmt":"2022-01-27T16:30:52","guid":{"rendered":"https:\/\/www.museuhistoricosl.com.br\/loja\/produto\/sl089-fd-0601\/"},"modified":"2022-01-27T13:30:52","modified_gmt":"2022-01-27T16:30:52","slug":"sl089-fd-0601","status":"publish","type":"product","link":"https:\/\/www.museuhistoricosl.com.br\/loja\/produto\/sl089-fd-0601\/","title":{"rendered":"SL089-FD-0601"},"content":{"rendered":"<p>Felippe Mohr Filho, membro da diretoria da Sociedade Gin\u00e1stica de S\u00e3o Leopoldo (2\u00ba Secret\u00e1rio e 2\u00ba Mestre de Gin\u00e1stica), no per\u00edodo 1896\/1897. Presidente da Sociedade Gin\u00e1stica. &#8211; C\u00f3digo anterior de cat\u00e1logo:FD 89-01; Sociedade Gin\u00e1stica &#8211; S\u00e3o Leopoldo; <\/p>\n","protected":false},"excerpt":{"rendered":"<p>Felippe Mohr Filho, membro da diretoria da Sociedade Gin\u00e1stica de S\u00e3o Leopoldo (2\u00ba Secret\u00e1rio e 2\u00ba Mestre de Gin\u00e1stica), no<\/p>\n","protected":false},"featured_media":58216,"comment_status":"open","ping_status":"closed","template":"","meta":{"_acf_changed":false},"product_cat":[121],"product_tag":[],"class_list":["post-58217","product","type-product","status-publish","has-post-thumbnail","hentry","product_cat-sociedade-ginastica-sao-leopoldo"],"acf":[],"_links":{"self":[{"href":"https:\/\/www.museuhistoricosl.com.br\/loja\/wp-json\/wp\/v2\/product\/58217","targetHints":{"allow":["GET"]}}],"collection":[{"href":"https:\/\/www.museuhistoricosl.com.br\/loja\/wp-json\/wp\/v2\/product"}],"about":[{"href":"https:\/\/www.museuhistoricosl.com.br\/loja\/wp-json\/wp\/v2\/types\/product"}],"replies":[{"embeddable":true,"href":"https:\/\/www.museuhistoricosl.com.br\/loja\/wp-json\/wp\/v2\/comments?post=58217"}],"wp:featuredmedia":[{"embeddable":true,"href":"https:\/\/www.museuhistoricosl.com.br\/loja\/wp-json\/wp\/v2\/media\/58216"}],"wp:attachment":[{"href":"https:\/\/www.museuhistoricosl.com.br\/loja\/wp-json\/wp\/v2\/media?parent=58217"}],"wp:term":[{"taxonomy":"product_cat","embeddable":true,"href":"https:\/\/www.museuhistoricosl.com.br\/loja\/wp-json\/wp\/v2\/product_cat?post=58217"},{"taxonomy":"product_tag","embeddable":true,"href":"https:\/\/www.museuhistoricosl.com.br\/loja\/wp-json\/wp\/v2\/product_tag?post=58217"}],"curies":[{"name":"wp","href":"https:\/\/api.w.org\/{rel}","templated":true}]}}