{"id":57117,"date":"2022-01-27T13:13:45","date_gmt":"2022-01-27T16:13:45","guid":{"rendered":"https:\/\/www.museuhistoricosl.com.br\/loja\/produto\/sl089-fd-0042\/"},"modified":"2022-01-27T13:13:45","modified_gmt":"2022-01-27T16:13:45","slug":"sl089-fd-0042","status":"publish","type":"product","link":"https:\/\/www.museuhistoricosl.com.br\/loja\/produto\/sl089-fd-0042\/","title":{"rendered":"SL089-FD-0042"},"content":{"rendered":"<p>Marinha alem\u00e3 no come\u00e7o do s\u00e9culo XX. Esse submarino (unterseeboot) era o &#8220;U9&#8221;, que deu origem ao nome do Grupo de Bol\u00e3o U9, da Sociedade Gin\u00e1stica de S\u00e3o Leopoldo, em 1915.  &#8211; C\u00f3digo anterior de cat\u00e1logo:FD 89-42; Sociedade Gin\u00e1stica &#8211; S\u00e3o Leopoldo; <\/p>\n","protected":false},"excerpt":{"rendered":"<p>Marinha alem\u00e3 no come\u00e7o do s\u00e9culo XX. Esse submarino (unterseeboot) era o &#8220;U9&#8221;, que deu origem ao nome do Grupo<\/p>\n","protected":false},"featured_media":57116,"comment_status":"open","ping_status":"closed","template":"","meta":{"_acf_changed":false},"product_cat":[121],"product_tag":[],"class_list":["post-57117","product","type-product","status-publish","has-post-thumbnail","hentry","product_cat-sociedade-ginastica-sao-leopoldo"],"acf":[],"_links":{"self":[{"href":"https:\/\/www.museuhistoricosl.com.br\/loja\/wp-json\/wp\/v2\/product\/57117","targetHints":{"allow":["GET"]}}],"collection":[{"href":"https:\/\/www.museuhistoricosl.com.br\/loja\/wp-json\/wp\/v2\/product"}],"about":[{"href":"https:\/\/www.museuhistoricosl.com.br\/loja\/wp-json\/wp\/v2\/types\/product"}],"replies":[{"embeddable":true,"href":"https:\/\/www.museuhistoricosl.com.br\/loja\/wp-json\/wp\/v2\/comments?post=57117"}],"wp:featuredmedia":[{"embeddable":true,"href":"https:\/\/www.museuhistoricosl.com.br\/loja\/wp-json\/wp\/v2\/media\/57116"}],"wp:attachment":[{"href":"https:\/\/www.museuhistoricosl.com.br\/loja\/wp-json\/wp\/v2\/media?parent=57117"}],"wp:term":[{"taxonomy":"product_cat","embeddable":true,"href":"https:\/\/www.museuhistoricosl.com.br\/loja\/wp-json\/wp\/v2\/product_cat?post=57117"},{"taxonomy":"product_tag","embeddable":true,"href":"https:\/\/www.museuhistoricosl.com.br\/loja\/wp-json\/wp\/v2\/product_tag?post=57117"}],"curies":[{"name":"wp","href":"https:\/\/api.w.org\/{rel}","templated":true}]}}