{"id":57109,"date":"2022-01-27T13:13:28","date_gmt":"2022-01-27T16:13:28","guid":{"rendered":"https:\/\/www.museuhistoricosl.com.br\/loja\/produto\/sl089-fd-0038\/"},"modified":"2022-01-27T13:13:28","modified_gmt":"2022-01-27T16:13:28","slug":"sl089-fd-0038","status":"publish","type":"product","link":"https:\/\/www.museuhistoricosl.com.br\/loja\/produto\/sl089-fd-0038\/","title":{"rendered":"SL089-FD-0038"},"content":{"rendered":"<p>Banquete na Sociedade Gin\u00e1stica de S\u00e3o Leopoldo, relativo ao 25\u00ba anivers\u00e1rio do Grupo de Bol\u00e3o U9, em 1940. \u00c0 esquerda, menino em p\u00e9: Telmo Lauro M\u00fcller (professor e ex-diretor do Museu Hist\u00f3rico Visconde de S\u00e3o Leopoldo). &#8211; C\u00f3digo anterior de cat\u00e1logo:FD 89-38; Sociedade Gin\u00e1stica &#8211; S\u00e3o Leopoldo; <\/p>\n","protected":false},"excerpt":{"rendered":"<p>Banquete na Sociedade Gin\u00e1stica de S\u00e3o Leopoldo, relativo ao 25\u00ba anivers\u00e1rio do Grupo de Bol\u00e3o U9, em 1940. \u00c0 esquerda,<\/p>\n","protected":false},"featured_media":57108,"comment_status":"open","ping_status":"closed","template":"","meta":{"_acf_changed":false},"product_cat":[121],"product_tag":[],"class_list":["post-57109","product","type-product","status-publish","has-post-thumbnail","hentry","product_cat-sociedade-ginastica-sao-leopoldo"],"acf":[],"_links":{"self":[{"href":"https:\/\/www.museuhistoricosl.com.br\/loja\/wp-json\/wp\/v2\/product\/57109","targetHints":{"allow":["GET"]}}],"collection":[{"href":"https:\/\/www.museuhistoricosl.com.br\/loja\/wp-json\/wp\/v2\/product"}],"about":[{"href":"https:\/\/www.museuhistoricosl.com.br\/loja\/wp-json\/wp\/v2\/types\/product"}],"replies":[{"embeddable":true,"href":"https:\/\/www.museuhistoricosl.com.br\/loja\/wp-json\/wp\/v2\/comments?post=57109"}],"wp:featuredmedia":[{"embeddable":true,"href":"https:\/\/www.museuhistoricosl.com.br\/loja\/wp-json\/wp\/v2\/media\/57108"}],"wp:attachment":[{"href":"https:\/\/www.museuhistoricosl.com.br\/loja\/wp-json\/wp\/v2\/media?parent=57109"}],"wp:term":[{"taxonomy":"product_cat","embeddable":true,"href":"https:\/\/www.museuhistoricosl.com.br\/loja\/wp-json\/wp\/v2\/product_cat?post=57109"},{"taxonomy":"product_tag","embeddable":true,"href":"https:\/\/www.museuhistoricosl.com.br\/loja\/wp-json\/wp\/v2\/product_tag?post=57109"}],"curies":[{"name":"wp","href":"https:\/\/api.w.org\/{rel}","templated":true}]}}