{"id":57009,"date":"2022-01-27T11:59:50","date_gmt":"2022-01-27T14:59:50","guid":{"rendered":"https:\/\/www.museuhistoricosl.com.br\/loja\/produto\/sl091-fd-0018\/"},"modified":"2022-01-27T11:59:50","modified_gmt":"2022-01-27T14:59:50","slug":"sl091-fd-0018","status":"publish","type":"product","link":"https:\/\/www.museuhistoricosl.com.br\/loja\/produto\/sl091-fd-0018\/","title":{"rendered":"SL091-FD-0018"},"content":{"rendered":"<p>Festa de batismo em S\u00e3o Sebasti\u00e3o do Ca\u00ed. Trata-se do bastismo de uma cria\u00e7\u00e3 da fam\u00edlia Hunsche, mas tamb\u00e9m h\u00e1 a presen\u00e7a de integrantes das fam\u00edlias Oderich, Trein e Oberacker. &#8211; C\u00f3digo anterior de cat\u00e1logo:FD 91-18; Sociedade Gin\u00e1stica &#8211; Arquivo Kusminski; <\/p>\n","protected":false},"excerpt":{"rendered":"<p>Festa de batismo em S\u00e3o Sebasti\u00e3o do Ca\u00ed. Trata-se do bastismo de uma cria\u00e7\u00e3 da fam\u00edlia Hunsche, mas tamb\u00e9m h\u00e1<\/p>\n","protected":false},"featured_media":57008,"comment_status":"open","ping_status":"closed","template":"","meta":{"_acf_changed":false},"product_cat":[120],"product_tag":[],"class_list":["post-57009","product","type-product","status-publish","has-post-thumbnail","hentry","product_cat-sociedade-ginastica-arquivo-kusminski"],"acf":[],"_links":{"self":[{"href":"https:\/\/www.museuhistoricosl.com.br\/loja\/wp-json\/wp\/v2\/product\/57009","targetHints":{"allow":["GET"]}}],"collection":[{"href":"https:\/\/www.museuhistoricosl.com.br\/loja\/wp-json\/wp\/v2\/product"}],"about":[{"href":"https:\/\/www.museuhistoricosl.com.br\/loja\/wp-json\/wp\/v2\/types\/product"}],"replies":[{"embeddable":true,"href":"https:\/\/www.museuhistoricosl.com.br\/loja\/wp-json\/wp\/v2\/comments?post=57009"}],"wp:featuredmedia":[{"embeddable":true,"href":"https:\/\/www.museuhistoricosl.com.br\/loja\/wp-json\/wp\/v2\/media\/57008"}],"wp:attachment":[{"href":"https:\/\/www.museuhistoricosl.com.br\/loja\/wp-json\/wp\/v2\/media?parent=57009"}],"wp:term":[{"taxonomy":"product_cat","embeddable":true,"href":"https:\/\/www.museuhistoricosl.com.br\/loja\/wp-json\/wp\/v2\/product_cat?post=57009"},{"taxonomy":"product_tag","embeddable":true,"href":"https:\/\/www.museuhistoricosl.com.br\/loja\/wp-json\/wp\/v2\/product_tag?post=57009"}],"curies":[{"name":"wp","href":"https:\/\/api.w.org\/{rel}","templated":true}]}}

<p>Festa de batismo em São Sebastião do Caí. Trata-se do bastismo de uma criaçã da família Hunsche, mas também há a presença de integrantes das famílias Oderich, Trein e Oberacker. &#8211; Código anterior de catálogo:FD 91-18; Sociedade Ginástica &#8211; Arquivo Kusminski; </p>

<p>Festa de batismo em São Sebastião do Caí. Trata-se do bastismo de uma criaçã da família Hunsche, mas também há</p>
