{"id":56983,"date":"2022-01-27T11:59:30","date_gmt":"2022-01-27T14:59:30","guid":{"rendered":"https:\/\/www.museuhistoricosl.com.br\/loja\/produto\/sl091-fd-0005\/"},"modified":"2022-01-27T11:59:30","modified_gmt":"2022-01-27T14:59:30","slug":"sl091-fd-0005","status":"publish","type":"product","link":"https:\/\/www.museuhistoricosl.com.br\/loja\/produto\/sl091-fd-0005\/","title":{"rendered":"SL091-FD-0005"},"content":{"rendered":"<p>Deutscher Turnverein (Sociedade Gin\u00e1stica Alem\u00e3) de S\u00e3o Sebasti\u00e3o do Ca\u00ed. Pyramiden der M\u00e4nnergruppe (pir\u00e2mide de grupo de homens). 1913. &#8211; C\u00f3digo anterior de cat\u00e1logo:FD 91-5; Sociedade Gin\u00e1stica &#8211; Arquivo Kusminski; <\/p>\n","protected":false},"excerpt":{"rendered":"<p>Deutscher Turnverein (Sociedade Gin\u00e1stica Alem\u00e3) de S\u00e3o Sebasti\u00e3o do Ca\u00ed. Pyramiden der M\u00e4nnergruppe (pir\u00e2mide de grupo de homens). 1913. &#8211;<\/p>\n","protected":false},"featured_media":56982,"comment_status":"open","ping_status":"closed","template":"","meta":{"_acf_changed":false},"product_cat":[120],"product_tag":[],"class_list":["post-56983","product","type-product","status-publish","has-post-thumbnail","hentry","product_cat-sociedade-ginastica-arquivo-kusminski"],"acf":[],"_links":{"self":[{"href":"https:\/\/www.museuhistoricosl.com.br\/loja\/wp-json\/wp\/v2\/product\/56983","targetHints":{"allow":["GET"]}}],"collection":[{"href":"https:\/\/www.museuhistoricosl.com.br\/loja\/wp-json\/wp\/v2\/product"}],"about":[{"href":"https:\/\/www.museuhistoricosl.com.br\/loja\/wp-json\/wp\/v2\/types\/product"}],"replies":[{"embeddable":true,"href":"https:\/\/www.museuhistoricosl.com.br\/loja\/wp-json\/wp\/v2\/comments?post=56983"}],"wp:featuredmedia":[{"embeddable":true,"href":"https:\/\/www.museuhistoricosl.com.br\/loja\/wp-json\/wp\/v2\/media\/56982"}],"wp:attachment":[{"href":"https:\/\/www.museuhistoricosl.com.br\/loja\/wp-json\/wp\/v2\/media?parent=56983"}],"wp:term":[{"taxonomy":"product_cat","embeddable":true,"href":"https:\/\/www.museuhistoricosl.com.br\/loja\/wp-json\/wp\/v2\/product_cat?post=56983"},{"taxonomy":"product_tag","embeddable":true,"href":"https:\/\/www.museuhistoricosl.com.br\/loja\/wp-json\/wp\/v2\/product_tag?post=56983"}],"curies":[{"name":"wp","href":"https:\/\/api.w.org\/{rel}","templated":true}]}}