{"id":56751,"date":"2022-01-27T11:56:50","date_gmt":"2022-01-27T14:56:50","guid":{"rendered":"https:\/\/www.museuhistoricosl.com.br\/loja\/produto\/sl090-fd-0013\/"},"modified":"2022-01-27T11:56:50","modified_gmt":"2022-01-27T14:56:50","slug":"sl090-fd-0013","status":"publish","type":"product","link":"https:\/\/www.museuhistoricosl.com.br\/loja\/produto\/sl090-fd-0013\/","title":{"rendered":"SL090-FD-0013"},"content":{"rendered":"<p>Vorstand und turner des &#8220;Deutschen Turnvereins&#8221; (Encontros das Sociedades de Gin\u00e1stica Alem\u00e3s). S\u00e3o Sebasti\u00e3o do Ca\u00ed. 1913.Com marca\u00e7\u00f5es na foto: *Fritz M\u00fcller (presidente); **Eduard Kusminsky. &#8211; C\u00f3digo anterior de cat\u00e1logo:FD 90-13; Sociedade Gin\u00e1stica &#8211; Arquivo Kusminski; <\/p>\n","protected":false},"excerpt":{"rendered":"<p>Vorstand und turner des &#8220;Deutschen Turnvereins&#8221; (Encontros das Sociedades de Gin\u00e1stica Alem\u00e3s). S\u00e3o Sebasti\u00e3o do Ca\u00ed. 1913.Com marca\u00e7\u00f5es na foto:<\/p>\n","protected":false},"featured_media":56750,"comment_status":"open","ping_status":"closed","template":"","meta":{"_acf_changed":false},"product_cat":[120],"product_tag":[],"class_list":["post-56751","product","type-product","status-publish","has-post-thumbnail","hentry","product_cat-sociedade-ginastica-arquivo-kusminski"],"acf":[],"_links":{"self":[{"href":"https:\/\/www.museuhistoricosl.com.br\/loja\/wp-json\/wp\/v2\/product\/56751","targetHints":{"allow":["GET"]}}],"collection":[{"href":"https:\/\/www.museuhistoricosl.com.br\/loja\/wp-json\/wp\/v2\/product"}],"about":[{"href":"https:\/\/www.museuhistoricosl.com.br\/loja\/wp-json\/wp\/v2\/types\/product"}],"replies":[{"embeddable":true,"href":"https:\/\/www.museuhistoricosl.com.br\/loja\/wp-json\/wp\/v2\/comments?post=56751"}],"wp:featuredmedia":[{"embeddable":true,"href":"https:\/\/www.museuhistoricosl.com.br\/loja\/wp-json\/wp\/v2\/media\/56750"}],"wp:attachment":[{"href":"https:\/\/www.museuhistoricosl.com.br\/loja\/wp-json\/wp\/v2\/media?parent=56751"}],"wp:term":[{"taxonomy":"product_cat","embeddable":true,"href":"https:\/\/www.museuhistoricosl.com.br\/loja\/wp-json\/wp\/v2\/product_cat?post=56751"},{"taxonomy":"product_tag","embeddable":true,"href":"https:\/\/www.museuhistoricosl.com.br\/loja\/wp-json\/wp\/v2\/product_tag?post=56751"}],"curies":[{"name":"wp","href":"https:\/\/api.w.org\/{rel}","templated":true}]}}

<p>Vorstand und turner des &#8220;Deutschen Turnvereins&#8221; (Encontros das Sociedades de Ginástica Alemãs). São Sebastião do Caí. 1913.Com marcações na foto: *Fritz Müller (presidente); **Eduard Kusminsky. &#8211; Código anterior de catálogo:FD 90-13; Sociedade Ginástica &#8211; Arquivo Kusminski; </p>

<p>Vorstand und turner des &#8220;Deutschen Turnvereins&#8221; (Encontros das Sociedades de Ginástica Alemãs). São Sebastião do Caí. 1913.Com marcações na foto:</p>
