{"id":56727,"date":"2022-01-27T11:56:36","date_gmt":"2022-01-27T14:56:36","guid":{"rendered":"https:\/\/www.museuhistoricosl.com.br\/loja\/produto\/sl090-fd-0001\/"},"modified":"2022-01-27T11:56:36","modified_gmt":"2022-01-27T14:56:36","slug":"sl090-fd-0001","status":"publish","type":"product","link":"https:\/\/www.museuhistoricosl.com.br\/loja\/produto\/sl090-fd-0001\/","title":{"rendered":"SL090-FD-0001"},"content":{"rendered":"<p>Pfadfinder und &#8220;Elefantenriege&#8221; steigen auf den &#8220;Vigia Berg&#8221; den Ca\u00ed (Escoteiros e &#8220;Esquadr\u00e3o Elefante&#8221; subindo o &#8220;Morro da Vigia&#8221; no Ca\u00ed). Turnverein (Sociedade Gin\u00e1stica) de S\u00e3o Sebasti\u00e3o do Ca\u00ed. 1916. &#8211; C\u00f3digo anterior de cat\u00e1logo:FD 90-1; Sociedade Gin\u00e1stica &#8211; Arquivo Kusminski; <\/p>\n","protected":false},"excerpt":{"rendered":"<p>Pfadfinder und &#8220;Elefantenriege&#8221; steigen auf den &#8220;Vigia Berg&#8221; den Ca\u00ed (Escoteiros e &#8220;Esquadr\u00e3o Elefante&#8221; subindo o &#8220;Morro da Vigia&#8221; no<\/p>\n","protected":false},"featured_media":56726,"comment_status":"open","ping_status":"closed","template":"","meta":{"_acf_changed":false},"product_cat":[120],"product_tag":[],"class_list":["post-56727","product","type-product","status-publish","has-post-thumbnail","hentry","product_cat-sociedade-ginastica-arquivo-kusminski"],"acf":[],"_links":{"self":[{"href":"https:\/\/www.museuhistoricosl.com.br\/loja\/wp-json\/wp\/v2\/product\/56727","targetHints":{"allow":["GET"]}}],"collection":[{"href":"https:\/\/www.museuhistoricosl.com.br\/loja\/wp-json\/wp\/v2\/product"}],"about":[{"href":"https:\/\/www.museuhistoricosl.com.br\/loja\/wp-json\/wp\/v2\/types\/product"}],"replies":[{"embeddable":true,"href":"https:\/\/www.museuhistoricosl.com.br\/loja\/wp-json\/wp\/v2\/comments?post=56727"}],"wp:featuredmedia":[{"embeddable":true,"href":"https:\/\/www.museuhistoricosl.com.br\/loja\/wp-json\/wp\/v2\/media\/56726"}],"wp:attachment":[{"href":"https:\/\/www.museuhistoricosl.com.br\/loja\/wp-json\/wp\/v2\/media?parent=56727"}],"wp:term":[{"taxonomy":"product_cat","embeddable":true,"href":"https:\/\/www.museuhistoricosl.com.br\/loja\/wp-json\/wp\/v2\/product_cat?post=56727"},{"taxonomy":"product_tag","embeddable":true,"href":"https:\/\/www.museuhistoricosl.com.br\/loja\/wp-json\/wp\/v2\/product_tag?post=56727"}],"curies":[{"name":"wp","href":"https:\/\/api.w.org\/{rel}","templated":true}]}}