{"id":56666,"date":"2022-01-26T16:14:52","date_gmt":"2022-01-26T19:14:52","guid":{"rendered":"https:\/\/www.museuhistoricosl.com.br\/loja\/produto\/sl087-fd-0038\/"},"modified":"2022-01-26T16:14:52","modified_gmt":"2022-01-26T19:14:52","slug":"sl087-fd-0038","status":"publish","type":"product","link":"https:\/\/www.museuhistoricosl.com.br\/loja\/produto\/sl087-fd-0038\/","title":{"rendered":"SL087-FD-0038"},"content":{"rendered":"<p>Palanque ofical &#8211; discurso de Rodolfo Englert &#8212; (?): Presidente Ernesto Geisel &#8211; C\u00f3digo anterior de cat\u00e1logo:FD 87,38; Sesquicenten\u00e1rio da Imigra\u00e7\u00e3o Alem\u00e3 (1974); <\/p>\n","protected":false},"excerpt":{"rendered":"<p>Palanque ofical &#8211; discurso de Rodolfo Englert &#8212; (?): Presidente Ernesto Geisel &#8211; C\u00f3digo anterior de cat\u00e1logo:FD 87,38; Sesquicenten\u00e1rio da<\/p>\n","protected":false},"featured_media":56665,"comment_status":"open","ping_status":"closed","template":"","meta":{"_acf_changed":false},"product_cat":[119],"product_tag":[],"class_list":["post-56666","product","type-product","status-publish","has-post-thumbnail","hentry","product_cat-sesquicentenario-da-imigracao-alema-1974"],"acf":[],"_links":{"self":[{"href":"https:\/\/www.museuhistoricosl.com.br\/loja\/wp-json\/wp\/v2\/product\/56666","targetHints":{"allow":["GET"]}}],"collection":[{"href":"https:\/\/www.museuhistoricosl.com.br\/loja\/wp-json\/wp\/v2\/product"}],"about":[{"href":"https:\/\/www.museuhistoricosl.com.br\/loja\/wp-json\/wp\/v2\/types\/product"}],"replies":[{"embeddable":true,"href":"https:\/\/www.museuhistoricosl.com.br\/loja\/wp-json\/wp\/v2\/comments?post=56666"}],"wp:featuredmedia":[{"embeddable":true,"href":"https:\/\/www.museuhistoricosl.com.br\/loja\/wp-json\/wp\/v2\/media\/56665"}],"wp:attachment":[{"href":"https:\/\/www.museuhistoricosl.com.br\/loja\/wp-json\/wp\/v2\/media?parent=56666"}],"wp:term":[{"taxonomy":"product_cat","embeddable":true,"href":"https:\/\/www.museuhistoricosl.com.br\/loja\/wp-json\/wp\/v2\/product_cat?post=56666"},{"taxonomy":"product_tag","embeddable":true,"href":"https:\/\/www.museuhistoricosl.com.br\/loja\/wp-json\/wp\/v2\/product_tag?post=56666"}],"curies":[{"name":"wp","href":"https:\/\/api.w.org\/{rel}","templated":true}]}}

<p>Palanque ofical &#8211; discurso de Rodolfo Englert &#8212; (?): Presidente Ernesto Geisel &#8211; Código anterior de catálogo:FD 87,38; Sesquicentenário da Imigração Alemã (1974); </p>

<p>Palanque ofical &#8211; discurso de Rodolfo Englert &#8212; (?): Presidente Ernesto Geisel &#8211; Código anterior de catálogo:FD 87,38; Sesquicentenário da</p>
