{"id":56622,"date":"2022-01-26T16:14:17","date_gmt":"2022-01-26T19:14:17","guid":{"rendered":"https:\/\/www.museuhistoricosl.com.br\/loja\/produto\/sl087-fd-0016\/"},"modified":"2022-01-26T16:14:17","modified_gmt":"2022-01-26T19:14:17","slug":"sl087-fd-0016","status":"publish","type":"product","link":"https:\/\/www.museuhistoricosl.com.br\/loja\/produto\/sl087-fd-0016\/","title":{"rendered":"SL087-FD-0016"},"content":{"rendered":"<p>Werner vonBeyne recebendo o t\u00edtulo de Cidad\u00e3o Leopoldense das m\u00e3os do prefeito Henrique da Costa Prieto. &#8211; C\u00f3digo anterior de cat\u00e1logo:SESQUI-Centen\u00e1rio, p; Sesquicenten\u00e1rio da Imigra\u00e7\u00e3o Alem\u00e3 (1974); <\/p>\n","protected":false},"excerpt":{"rendered":"<p>Werner vonBeyne recebendo o t\u00edtulo de Cidad\u00e3o Leopoldense das m\u00e3os do prefeito Henrique da Costa Prieto. &#8211; C\u00f3digo anterior de<\/p>\n","protected":false},"featured_media":56621,"comment_status":"open","ping_status":"closed","template":"","meta":{"_acf_changed":false},"product_cat":[119],"product_tag":[],"class_list":["post-56622","product","type-product","status-publish","has-post-thumbnail","hentry","product_cat-sesquicentenario-da-imigracao-alema-1974"],"acf":[],"_links":{"self":[{"href":"https:\/\/www.museuhistoricosl.com.br\/loja\/wp-json\/wp\/v2\/product\/56622","targetHints":{"allow":["GET"]}}],"collection":[{"href":"https:\/\/www.museuhistoricosl.com.br\/loja\/wp-json\/wp\/v2\/product"}],"about":[{"href":"https:\/\/www.museuhistoricosl.com.br\/loja\/wp-json\/wp\/v2\/types\/product"}],"replies":[{"embeddable":true,"href":"https:\/\/www.museuhistoricosl.com.br\/loja\/wp-json\/wp\/v2\/comments?post=56622"}],"wp:featuredmedia":[{"embeddable":true,"href":"https:\/\/www.museuhistoricosl.com.br\/loja\/wp-json\/wp\/v2\/media\/56621"}],"wp:attachment":[{"href":"https:\/\/www.museuhistoricosl.com.br\/loja\/wp-json\/wp\/v2\/media?parent=56622"}],"wp:term":[{"taxonomy":"product_cat","embeddable":true,"href":"https:\/\/www.museuhistoricosl.com.br\/loja\/wp-json\/wp\/v2\/product_cat?post=56622"},{"taxonomy":"product_tag","embeddable":true,"href":"https:\/\/www.museuhistoricosl.com.br\/loja\/wp-json\/wp\/v2\/product_tag?post=56622"}],"curies":[{"name":"wp","href":"https:\/\/api.w.org\/{rel}","templated":true}]}}

<p>Werner vonBeyne recebendo o título de Cidadão Leopoldense das mãos do prefeito Henrique da Costa Prieto. &#8211; Código anterior de catálogo:SESQUI-Centenário, p; Sesquicentenário da Imigração Alemã (1974); </p>

<p>Werner vonBeyne recebendo o título de Cidadão Leopoldense das mãos do prefeito Henrique da Costa Prieto. &#8211; Código anterior de</p>
