{"id":56618,"date":"2022-01-26T16:14:15","date_gmt":"2022-01-26T19:14:15","guid":{"rendered":"https:\/\/www.museuhistoricosl.com.br\/loja\/produto\/sl087-fd-0014\/"},"modified":"2022-01-26T16:14:15","modified_gmt":"2022-01-26T19:14:15","slug":"sl087-fd-0014","status":"publish","type":"product","link":"https:\/\/www.museuhistoricosl.com.br\/loja\/produto\/sl087-fd-0014\/","title":{"rendered":"SL087-FD-0014"},"content":{"rendered":"<p>Foto sem descri\u00e7\u00e3o. &#8211; C\u00f3digo anterior de cat\u00e1logo:SESQUI-Centen\u00e1rio, n; Sesquicenten\u00e1rio da Imigra\u00e7\u00e3o Alem\u00e3 (1974); <\/p>\n","protected":false},"excerpt":{"rendered":"<p>Foto sem descri\u00e7\u00e3o. &#8211; C\u00f3digo anterior de cat\u00e1logo:SESQUI-Centen\u00e1rio, n; Sesquicenten\u00e1rio da Imigra\u00e7\u00e3o Alem\u00e3 (1974);<\/p>\n","protected":false},"featured_media":56617,"comment_status":"open","ping_status":"closed","template":"","meta":{"_acf_changed":false},"product_cat":[119],"product_tag":[],"class_list":["post-56618","product","type-product","status-publish","has-post-thumbnail","hentry","product_cat-sesquicentenario-da-imigracao-alema-1974"],"acf":[],"_links":{"self":[{"href":"https:\/\/www.museuhistoricosl.com.br\/loja\/wp-json\/wp\/v2\/product\/56618","targetHints":{"allow":["GET"]}}],"collection":[{"href":"https:\/\/www.museuhistoricosl.com.br\/loja\/wp-json\/wp\/v2\/product"}],"about":[{"href":"https:\/\/www.museuhistoricosl.com.br\/loja\/wp-json\/wp\/v2\/types\/product"}],"replies":[{"embeddable":true,"href":"https:\/\/www.museuhistoricosl.com.br\/loja\/wp-json\/wp\/v2\/comments?post=56618"}],"wp:featuredmedia":[{"embeddable":true,"href":"https:\/\/www.museuhistoricosl.com.br\/loja\/wp-json\/wp\/v2\/media\/56617"}],"wp:attachment":[{"href":"https:\/\/www.museuhistoricosl.com.br\/loja\/wp-json\/wp\/v2\/media?parent=56618"}],"wp:term":[{"taxonomy":"product_cat","embeddable":true,"href":"https:\/\/www.museuhistoricosl.com.br\/loja\/wp-json\/wp\/v2\/product_cat?post=56618"},{"taxonomy":"product_tag","embeddable":true,"href":"https:\/\/www.museuhistoricosl.com.br\/loja\/wp-json\/wp\/v2\/product_tag?post=56618"}],"curies":[{"name":"wp","href":"https:\/\/api.w.org\/{rel}","templated":true}]}}

<p>Foto sem descrição. &#8211; Código anterior de catálogo:SESQUI-Centenário, n; Sesquicentenário da Imigração Alemã (1974); </p>

<p>Foto sem descrição. &#8211; Código anterior de catálogo:SESQUI-Centenário, n; Sesquicentenário da Imigração Alemã (1974);</p>
