{"id":54417,"date":"2022-01-26T15:39:38","date_gmt":"2022-01-26T18:39:38","guid":{"rendered":"https:\/\/www.museuhistoricosl.com.br\/loja\/produto\/rs050-fd-0097\/"},"modified":"2022-01-26T15:39:38","modified_gmt":"2022-01-26T18:39:38","slug":"rs050-fd-0097","status":"publish","type":"product","link":"https:\/\/www.museuhistoricosl.com.br\/loja\/produto\/rs050-fd-0097\/","title":{"rendered":"RS050-FD-0097"},"content":{"rendered":"<p>Sapucaia do Sul, Comiss\u00e3o de licita\u00e7\u00f5es, Foto Robinson; Sapucaia do Sul; <\/p>\n","protected":false},"excerpt":{"rendered":"<p>Sapucaia do Sul, Comiss\u00e3o de licita\u00e7\u00f5es, Foto Robinson; Sapucaia do Sul;<\/p>\n","protected":false},"featured_media":54416,"comment_status":"open","ping_status":"closed","template":"","meta":{"_acf_changed":false},"product_cat":[118],"product_tag":[],"class_list":["post-54417","product","type-product","status-publish","has-post-thumbnail","hentry","product_cat-sapucaia-do-sul"],"acf":[],"_links":{"self":[{"href":"https:\/\/www.museuhistoricosl.com.br\/loja\/wp-json\/wp\/v2\/product\/54417","targetHints":{"allow":["GET"]}}],"collection":[{"href":"https:\/\/www.museuhistoricosl.com.br\/loja\/wp-json\/wp\/v2\/product"}],"about":[{"href":"https:\/\/www.museuhistoricosl.com.br\/loja\/wp-json\/wp\/v2\/types\/product"}],"replies":[{"embeddable":true,"href":"https:\/\/www.museuhistoricosl.com.br\/loja\/wp-json\/wp\/v2\/comments?post=54417"}],"wp:featuredmedia":[{"embeddable":true,"href":"https:\/\/www.museuhistoricosl.com.br\/loja\/wp-json\/wp\/v2\/media\/54416"}],"wp:attachment":[{"href":"https:\/\/www.museuhistoricosl.com.br\/loja\/wp-json\/wp\/v2\/media?parent=54417"}],"wp:term":[{"taxonomy":"product_cat","embeddable":true,"href":"https:\/\/www.museuhistoricosl.com.br\/loja\/wp-json\/wp\/v2\/product_cat?post=54417"},{"taxonomy":"product_tag","embeddable":true,"href":"https:\/\/www.museuhistoricosl.com.br\/loja\/wp-json\/wp\/v2\/product_tag?post=54417"}],"curies":[{"name":"wp","href":"https:\/\/api.w.org\/{rel}","templated":true}]}}