{"id":53420,"date":"2022-01-26T15:16:52","date_gmt":"2022-01-26T18:16:52","guid":{"rendered":"https:\/\/www.museuhistoricosl.com.br\/loja\/produto\/sl085-fd-0001\/"},"modified":"2022-01-26T15:16:52","modified_gmt":"2022-01-26T18:16:52","slug":"sl085-fd-0001","status":"publish","type":"product","link":"https:\/\/www.museuhistoricosl.com.br\/loja\/produto\/sl085-fd-0001\/","title":{"rendered":"SL085-FD-0001"},"content":{"rendered":"<p>Enchente de 1941. Rua S\u00e3o Paulo &#8211; C\u00f3digo anterior de cat\u00e1logo:FD 85 1-01; Rio dos Sinos; <\/p>\n","protected":false},"excerpt":{"rendered":"<p>Enchente de 1941. Rua S\u00e3o Paulo &#8211; C\u00f3digo anterior de cat\u00e1logo:FD 85 1-01; Rio dos Sinos;<\/p>\n","protected":false},"featured_media":53419,"comment_status":"open","ping_status":"closed","template":"","meta":{"_acf_changed":false},"product_cat":[117],"product_tag":[],"class_list":["post-53420","product","type-product","status-publish","has-post-thumbnail","hentry","product_cat-rio-dos-sinos"],"acf":[],"_links":{"self":[{"href":"https:\/\/www.museuhistoricosl.com.br\/loja\/wp-json\/wp\/v2\/product\/53420","targetHints":{"allow":["GET"]}}],"collection":[{"href":"https:\/\/www.museuhistoricosl.com.br\/loja\/wp-json\/wp\/v2\/product"}],"about":[{"href":"https:\/\/www.museuhistoricosl.com.br\/loja\/wp-json\/wp\/v2\/types\/product"}],"replies":[{"embeddable":true,"href":"https:\/\/www.museuhistoricosl.com.br\/loja\/wp-json\/wp\/v2\/comments?post=53420"}],"wp:featuredmedia":[{"embeddable":true,"href":"https:\/\/www.museuhistoricosl.com.br\/loja\/wp-json\/wp\/v2\/media\/53419"}],"wp:attachment":[{"href":"https:\/\/www.museuhistoricosl.com.br\/loja\/wp-json\/wp\/v2\/media?parent=53420"}],"wp:term":[{"taxonomy":"product_cat","embeddable":true,"href":"https:\/\/www.museuhistoricosl.com.br\/loja\/wp-json\/wp\/v2\/product_cat?post=53420"},{"taxonomy":"product_tag","embeddable":true,"href":"https:\/\/www.museuhistoricosl.com.br\/loja\/wp-json\/wp\/v2\/product_tag?post=53420"}],"curies":[{"name":"wp","href":"https:\/\/api.w.org\/{rel}","templated":true}]}}