{"id":53417,"date":"2022-01-26T15:06:48","date_gmt":"2022-01-26T18:06:48","guid":{"rendered":"https:\/\/www.museuhistoricosl.com.br\/loja\/produto\/sl084-fd-0636\/"},"modified":"2022-01-26T15:06:48","modified_gmt":"2022-01-26T18:06:48","slug":"sl084-fd-0636","status":"publish","type":"product","link":"https:\/\/www.museuhistoricosl.com.br\/loja\/produto\/sl084-fd-0636\/","title":{"rendered":"SL084-FD-0636"},"content":{"rendered":"<p>O Sitio de Bag\u00e9, 23\/11\/1893 a 08\/01\/1894, O Mercado P\u00fablico, ocupado pelo piquete do Capit\u00e3o Frederico Jardim, foi tomado no dia 20 de dezembro pelo Coronel Carrion, que a\u00ed instalou uma for\u00e7a federalista.; Quart\u00e9is e assuntos militares; <\/p>\n","protected":false},"excerpt":{"rendered":"<p>O Sitio de Bag\u00e9, 23\/11\/1893 a 08\/01\/1894, O Mercado P\u00fablico, ocupado pelo piquete do Capit\u00e3o Frederico Jardim, foi tomado no<\/p>\n","protected":false},"featured_media":53416,"comment_status":"open","ping_status":"closed","template":"","meta":{"_acf_changed":false},"product_cat":[116],"product_tag":[],"class_list":["post-53417","product","type-product","status-publish","has-post-thumbnail","hentry","product_cat-quarteis-e-assuntos-militares"],"acf":[],"_links":{"self":[{"href":"https:\/\/www.museuhistoricosl.com.br\/loja\/wp-json\/wp\/v2\/product\/53417","targetHints":{"allow":["GET"]}}],"collection":[{"href":"https:\/\/www.museuhistoricosl.com.br\/loja\/wp-json\/wp\/v2\/product"}],"about":[{"href":"https:\/\/www.museuhistoricosl.com.br\/loja\/wp-json\/wp\/v2\/types\/product"}],"replies":[{"embeddable":true,"href":"https:\/\/www.museuhistoricosl.com.br\/loja\/wp-json\/wp\/v2\/comments?post=53417"}],"wp:featuredmedia":[{"embeddable":true,"href":"https:\/\/www.museuhistoricosl.com.br\/loja\/wp-json\/wp\/v2\/media\/53416"}],"wp:attachment":[{"href":"https:\/\/www.museuhistoricosl.com.br\/loja\/wp-json\/wp\/v2\/media?parent=53417"}],"wp:term":[{"taxonomy":"product_cat","embeddable":true,"href":"https:\/\/www.museuhistoricosl.com.br\/loja\/wp-json\/wp\/v2\/product_cat?post=53417"},{"taxonomy":"product_tag","embeddable":true,"href":"https:\/\/www.museuhistoricosl.com.br\/loja\/wp-json\/wp\/v2\/product_tag?post=53417"}],"curies":[{"name":"wp","href":"https:\/\/api.w.org\/{rel}","templated":true}]}}

<p>O Sitio de Bagé, 23/11/1893 a 08/01/1894, O Mercado Público, ocupado pelo piquete do Capitão Frederico Jardim, foi tomado no dia 20 de dezembro pelo Coronel Carrion, que aí instalou uma força federalista.; Quartéis e assuntos militares; </p>

<p>O Sitio de Bagé, 23/11/1893 a 08/01/1894, O Mercado Público, ocupado pelo piquete do Capitão Frederico Jardim, foi tomado no</p>
