{"id":52261,"date":"2022-01-26T14:51:16","date_gmt":"2022-01-26T17:51:16","guid":{"rendered":"https:\/\/www.museuhistoricosl.com.br\/loja\/produto\/sl084-fd-0058\/"},"modified":"2022-01-26T14:51:16","modified_gmt":"2022-01-26T17:51:16","slug":"sl084-fd-0058","status":"publish","type":"product","link":"https:\/\/www.museuhistoricosl.com.br\/loja\/produto\/sl084-fd-0058\/","title":{"rendered":"SL084-FD-0058"},"content":{"rendered":"<p>Pra\u00e7a de Alegrete, 1923. &#8211; C\u00f3digo anterior de cat\u00e1logo:FD 84-58; Quart\u00e9is e assuntos militares; <\/p>\n","protected":false},"excerpt":{"rendered":"<p>Pra\u00e7a de Alegrete, 1923. &#8211; C\u00f3digo anterior de cat\u00e1logo:FD 84-58; Quart\u00e9is e assuntos militares;<\/p>\n","protected":false},"featured_media":52260,"comment_status":"open","ping_status":"closed","template":"","meta":{"_acf_changed":false},"product_cat":[116],"product_tag":[],"class_list":["post-52261","product","type-product","status-publish","has-post-thumbnail","hentry","product_cat-quarteis-e-assuntos-militares"],"acf":[],"_links":{"self":[{"href":"https:\/\/www.museuhistoricosl.com.br\/loja\/wp-json\/wp\/v2\/product\/52261","targetHints":{"allow":["GET"]}}],"collection":[{"href":"https:\/\/www.museuhistoricosl.com.br\/loja\/wp-json\/wp\/v2\/product"}],"about":[{"href":"https:\/\/www.museuhistoricosl.com.br\/loja\/wp-json\/wp\/v2\/types\/product"}],"replies":[{"embeddable":true,"href":"https:\/\/www.museuhistoricosl.com.br\/loja\/wp-json\/wp\/v2\/comments?post=52261"}],"wp:featuredmedia":[{"embeddable":true,"href":"https:\/\/www.museuhistoricosl.com.br\/loja\/wp-json\/wp\/v2\/media\/52260"}],"wp:attachment":[{"href":"https:\/\/www.museuhistoricosl.com.br\/loja\/wp-json\/wp\/v2\/media?parent=52261"}],"wp:term":[{"taxonomy":"product_cat","embeddable":true,"href":"https:\/\/www.museuhistoricosl.com.br\/loja\/wp-json\/wp\/v2\/product_cat?post=52261"},{"taxonomy":"product_tag","embeddable":true,"href":"https:\/\/www.museuhistoricosl.com.br\/loja\/wp-json\/wp\/v2\/product_tag?post=52261"}],"curies":[{"name":"wp","href":"https:\/\/api.w.org\/{rel}","templated":true}]}}

<p>Praça de Alegrete, 1923. &#8211; Código anterior de catálogo:FD 84-58; Quartéis e assuntos militares; </p>

<p>Praça de Alegrete, 1923. &#8211; Código anterior de catálogo:FD 84-58; Quartéis e assuntos militares;</p>
