{"id":51096,"date":"2022-01-24T09:51:47","date_gmt":"2022-01-24T12:51:47","guid":{"rendered":"https:\/\/www.museuhistoricosl.com.br\/loja\/produto\/sl081-fd-0074\/"},"modified":"2022-01-24T09:51:47","modified_gmt":"2022-01-24T12:51:47","slug":"sl081-fd-0074","status":"publish","type":"product","link":"https:\/\/www.museuhistoricosl.com.br\/loja\/produto\/sl081-fd-0074\/","title":{"rendered":"SL081-FD-0074"},"content":{"rendered":"<p>Igreja Matriz Nossa Senhora da Concei\u00e7\u00e3o e, ao lado, o Gin\u00e1sio Concei\u00e7\u00e3o (atual Antiga Sede da Unisinos), vistas da Pra\u00e7a do Imigrante.  &#8211; C\u00f3digo anterior de cat\u00e1logo:FD 81-74; Pra\u00e7as &#8211; S\u00e3o Leopoldo; <\/p>\n","protected":false},"excerpt":{"rendered":"<p>Igreja Matriz Nossa Senhora da Concei\u00e7\u00e3o e, ao lado, o Gin\u00e1sio Concei\u00e7\u00e3o (atual Antiga Sede da Unisinos), vistas da Pra\u00e7a<\/p>\n","protected":false},"featured_media":51095,"comment_status":"open","ping_status":"closed","template":"","meta":{"_acf_changed":false},"product_cat":[114],"product_tag":[],"class_list":["post-51096","product","type-product","status-publish","has-post-thumbnail","hentry","product_cat-pracas-sao-leopoldo"],"acf":[],"_links":{"self":[{"href":"https:\/\/www.museuhistoricosl.com.br\/loja\/wp-json\/wp\/v2\/product\/51096","targetHints":{"allow":["GET"]}}],"collection":[{"href":"https:\/\/www.museuhistoricosl.com.br\/loja\/wp-json\/wp\/v2\/product"}],"about":[{"href":"https:\/\/www.museuhistoricosl.com.br\/loja\/wp-json\/wp\/v2\/types\/product"}],"replies":[{"embeddable":true,"href":"https:\/\/www.museuhistoricosl.com.br\/loja\/wp-json\/wp\/v2\/comments?post=51096"}],"wp:featuredmedia":[{"embeddable":true,"href":"https:\/\/www.museuhistoricosl.com.br\/loja\/wp-json\/wp\/v2\/media\/51095"}],"wp:attachment":[{"href":"https:\/\/www.museuhistoricosl.com.br\/loja\/wp-json\/wp\/v2\/media?parent=51096"}],"wp:term":[{"taxonomy":"product_cat","embeddable":true,"href":"https:\/\/www.museuhistoricosl.com.br\/loja\/wp-json\/wp\/v2\/product_cat?post=51096"},{"taxonomy":"product_tag","embeddable":true,"href":"https:\/\/www.museuhistoricosl.com.br\/loja\/wp-json\/wp\/v2\/product_tag?post=51096"}],"curies":[{"name":"wp","href":"https:\/\/api.w.org\/{rel}","templated":true}]}}