{"id":51006,"date":"2022-01-24T09:50:46","date_gmt":"2022-01-24T12:50:46","guid":{"rendered":"https:\/\/www.museuhistoricosl.com.br\/loja\/produto\/sl081-fd-0029\/"},"modified":"2022-01-24T09:50:46","modified_gmt":"2022-01-24T12:50:46","slug":"sl081-fd-0029","status":"publish","type":"product","link":"https:\/\/www.museuhistoricosl.com.br\/loja\/produto\/sl081-fd-0029\/","title":{"rendered":"SL081-FD-0029"},"content":{"rendered":"<p>Vista da Pra\u00e7a Jo\u00e3o Pessoa, atual Pra\u00e7a Tiradentes. Vemos tamb\u00e9m a Igreja Matriz Nossa Senhora da Concei\u00e7\u00e3o e, \u00e0 esquerda, o Gin\u00e1sio Concei\u00e7\u00e3o, atual Antiga Sede da Unisinos. Detalhe para a parada localizada no centro da foto, onde os \u00f4nibus paravam antigamente, antes da constru\u00e7\u00e3o da Esta\u00e7\u00e3o Rodovi\u00e1ria atual. Na \u00e9poca, a porta de acesso da igreja ficava na parte frontal, pela Avenida Dom Jo\u00e3o Becker.  &#8211; C\u00f3digo anterior de cat\u00e1logo:FD 81-29; Pra\u00e7as &#8211; S\u00e3o Leopoldo; <\/p>\n","protected":false},"excerpt":{"rendered":"<p>Vista da Pra\u00e7a Jo\u00e3o Pessoa, atual Pra\u00e7a Tiradentes. Vemos tamb\u00e9m a Igreja Matriz Nossa Senhora da Concei\u00e7\u00e3o e, \u00e0 esquerda,<\/p>\n","protected":false},"featured_media":51005,"comment_status":"open","ping_status":"closed","template":"","meta":{"_acf_changed":false},"product_cat":[114],"product_tag":[],"class_list":["post-51006","product","type-product","status-publish","has-post-thumbnail","hentry","product_cat-pracas-sao-leopoldo"],"acf":[],"_links":{"self":[{"href":"https:\/\/www.museuhistoricosl.com.br\/loja\/wp-json\/wp\/v2\/product\/51006","targetHints":{"allow":["GET"]}}],"collection":[{"href":"https:\/\/www.museuhistoricosl.com.br\/loja\/wp-json\/wp\/v2\/product"}],"about":[{"href":"https:\/\/www.museuhistoricosl.com.br\/loja\/wp-json\/wp\/v2\/types\/product"}],"replies":[{"embeddable":true,"href":"https:\/\/www.museuhistoricosl.com.br\/loja\/wp-json\/wp\/v2\/comments?post=51006"}],"wp:featuredmedia":[{"embeddable":true,"href":"https:\/\/www.museuhistoricosl.com.br\/loja\/wp-json\/wp\/v2\/media\/51005"}],"wp:attachment":[{"href":"https:\/\/www.museuhistoricosl.com.br\/loja\/wp-json\/wp\/v2\/media?parent=51006"}],"wp:term":[{"taxonomy":"product_cat","embeddable":true,"href":"https:\/\/www.museuhistoricosl.com.br\/loja\/wp-json\/wp\/v2\/product_cat?post=51006"},{"taxonomy":"product_tag","embeddable":true,"href":"https:\/\/www.museuhistoricosl.com.br\/loja\/wp-json\/wp\/v2\/product_tag?post=51006"}],"curies":[{"name":"wp","href":"https:\/\/api.w.org\/{rel}","templated":true}]}}

<p>Vista da Praça João Pessoa, atual Praça Tiradentes. Vemos também a Igreja Matriz Nossa Senhora da Conceição e, à esquerda, o Ginásio Conceição, atual Antiga Sede da Unisinos. Detalhe para a parada localizada no centro da foto, onde os ônibus paravam antigamente, antes da construção da Estação Rodoviária atual. Na época, a porta de acesso da igreja ficava na parte frontal, pela Avenida Dom João Becker.  &#8211; Código anterior de catálogo:FD 81-29; Praças &#8211; São Leopoldo; </p>

<p>Vista da Praça João Pessoa, atual Praça Tiradentes. Vemos também a Igreja Matriz Nossa Senhora da Conceição e, à esquerda,</p>
