{"id":50982,"date":"2022-01-24T09:50:29","date_gmt":"2022-01-24T12:50:29","guid":{"rendered":"https:\/\/www.museuhistoricosl.com.br\/loja\/produto\/sl081-fd-0017\/"},"modified":"2022-01-24T09:50:29","modified_gmt":"2022-01-24T12:50:29","slug":"sl081-fd-0017","status":"publish","type":"product","link":"https:\/\/www.museuhistoricosl.com.br\/loja\/produto\/sl081-fd-0017\/","title":{"rendered":"SL081-FD-0017"},"content":{"rendered":"<p>Vista a\u00e9rea da Pra\u00e7a do Imigrante, provavelmente tirada da torre da Igreja Matriz Nossa Senhora da Concei\u00e7\u00e3o. Do lado esquerdo da foto, o pr\u00e9dio do antigo Semin\u00e1rio Evang\u00e9lico para forma\u00e7\u00e3o de Professores (que foi transferido para Ivoti na d\u00e9cada de 1950), atual pr\u00e9dio da C\u00e2mara de Vereadores de S\u00e3o Leopoldo. &#8211; C\u00f3digo anterior de cat\u00e1logo:FD 81-17; Pra\u00e7as &#8211; S\u00e3o Leopoldo; <\/p>\n","protected":false},"excerpt":{"rendered":"<p>Vista a\u00e9rea da Pra\u00e7a do Imigrante, provavelmente tirada da torre da Igreja Matriz Nossa Senhora da Concei\u00e7\u00e3o. Do lado esquerdo<\/p>\n","protected":false},"featured_media":50981,"comment_status":"open","ping_status":"closed","template":"","meta":{"_acf_changed":false},"product_cat":[114],"product_tag":[],"class_list":["post-50982","product","type-product","status-publish","has-post-thumbnail","hentry","product_cat-pracas-sao-leopoldo"],"acf":[],"_links":{"self":[{"href":"https:\/\/www.museuhistoricosl.com.br\/loja\/wp-json\/wp\/v2\/product\/50982","targetHints":{"allow":["GET"]}}],"collection":[{"href":"https:\/\/www.museuhistoricosl.com.br\/loja\/wp-json\/wp\/v2\/product"}],"about":[{"href":"https:\/\/www.museuhistoricosl.com.br\/loja\/wp-json\/wp\/v2\/types\/product"}],"replies":[{"embeddable":true,"href":"https:\/\/www.museuhistoricosl.com.br\/loja\/wp-json\/wp\/v2\/comments?post=50982"}],"wp:featuredmedia":[{"embeddable":true,"href":"https:\/\/www.museuhistoricosl.com.br\/loja\/wp-json\/wp\/v2\/media\/50981"}],"wp:attachment":[{"href":"https:\/\/www.museuhistoricosl.com.br\/loja\/wp-json\/wp\/v2\/media?parent=50982"}],"wp:term":[{"taxonomy":"product_cat","embeddable":true,"href":"https:\/\/www.museuhistoricosl.com.br\/loja\/wp-json\/wp\/v2\/product_cat?post=50982"},{"taxonomy":"product_tag","embeddable":true,"href":"https:\/\/www.museuhistoricosl.com.br\/loja\/wp-json\/wp\/v2\/product_tag?post=50982"}],"curies":[{"name":"wp","href":"https:\/\/api.w.org\/{rel}","templated":true}]}}

<p>Vista aérea da Praça do Imigrante, provavelmente tirada da torre da Igreja Matriz Nossa Senhora da Conceição. Do lado esquerdo da foto, o prédio do antigo Seminário Evangélico para formação de Professores (que foi transferido para Ivoti na década de 1950), atual prédio da Câmara de Vereadores de São Leopoldo. &#8211; Código anterior de catálogo:FD 81-17; Praças &#8211; São Leopoldo; </p>

<p>Vista aérea da Praça do Imigrante, provavelmente tirada da torre da Igreja Matriz Nossa Senhora da Conceição. Do lado esquerdo</p>
