{"id":50980,"date":"2022-01-24T09:50:28","date_gmt":"2022-01-24T12:50:28","guid":{"rendered":"https:\/\/www.museuhistoricosl.com.br\/loja\/produto\/sl081-fd-0016\/"},"modified":"2022-01-24T09:50:28","modified_gmt":"2022-01-24T12:50:28","slug":"sl081-fd-0016","status":"publish","type":"product","link":"https:\/\/www.museuhistoricosl.com.br\/loja\/produto\/sl081-fd-0016\/","title":{"rendered":"SL081-FD-0016"},"content":{"rendered":"<p>Pra\u00e7a do Imigrante. Ao fundo, a Igreja Matriz Nossa Senhora da Concei\u00e7\u00e3o e, ao lado, o Gin\u00e1sio Concei\u00e7\u00e3o (atual Antiga Sede da Unisinos).  &#8211; C\u00f3digo anterior de cat\u00e1logo:FD 81-16; Pra\u00e7as &#8211; S\u00e3o Leopoldo; <\/p>\n","protected":false},"excerpt":{"rendered":"<p>Pra\u00e7a do Imigrante. Ao fundo, a Igreja Matriz Nossa Senhora da Concei\u00e7\u00e3o e, ao lado, o Gin\u00e1sio Concei\u00e7\u00e3o (atual Antiga<\/p>\n","protected":false},"featured_media":50979,"comment_status":"open","ping_status":"closed","template":"","meta":{"_acf_changed":false},"product_cat":[114],"product_tag":[],"class_list":["post-50980","product","type-product","status-publish","has-post-thumbnail","hentry","product_cat-pracas-sao-leopoldo"],"acf":[],"_links":{"self":[{"href":"https:\/\/www.museuhistoricosl.com.br\/loja\/wp-json\/wp\/v2\/product\/50980","targetHints":{"allow":["GET"]}}],"collection":[{"href":"https:\/\/www.museuhistoricosl.com.br\/loja\/wp-json\/wp\/v2\/product"}],"about":[{"href":"https:\/\/www.museuhistoricosl.com.br\/loja\/wp-json\/wp\/v2\/types\/product"}],"replies":[{"embeddable":true,"href":"https:\/\/www.museuhistoricosl.com.br\/loja\/wp-json\/wp\/v2\/comments?post=50980"}],"wp:featuredmedia":[{"embeddable":true,"href":"https:\/\/www.museuhistoricosl.com.br\/loja\/wp-json\/wp\/v2\/media\/50979"}],"wp:attachment":[{"href":"https:\/\/www.museuhistoricosl.com.br\/loja\/wp-json\/wp\/v2\/media?parent=50980"}],"wp:term":[{"taxonomy":"product_cat","embeddable":true,"href":"https:\/\/www.museuhistoricosl.com.br\/loja\/wp-json\/wp\/v2\/product_cat?post=50980"},{"taxonomy":"product_tag","embeddable":true,"href":"https:\/\/www.museuhistoricosl.com.br\/loja\/wp-json\/wp\/v2\/product_tag?post=50980"}],"curies":[{"name":"wp","href":"https:\/\/api.w.org\/{rel}","templated":true}]}}

<p>Praça do Imigrante. Ao fundo, a Igreja Matriz Nossa Senhora da Conceição e, ao lado, o Ginásio Conceição (atual Antiga Sede da Unisinos).  &#8211; Código anterior de catálogo:FD 81-16; Praças &#8211; São Leopoldo; </p>

<p>Praça do Imigrante. Ao fundo, a Igreja Matriz Nossa Senhora da Conceição e, ao lado, o Ginásio Conceição (atual Antiga</p>
